{"id":14919,"date":"2024-06-15T20:27:05","date_gmt":"2024-06-15T20:27:05","guid":{"rendered":"http:\/\/myftinia-shkoder.org\/wp-content\/uploads\/2024\/06\/Program-festiv-ne-pritje-te-Kurban-Bajramit-ne-xhamine-e-Bardhajve-19.jpg"},"modified":"2024-06-15T20:27:05","modified_gmt":"2024-06-15T20:27:05","slug":"program-festiv-ne-pritje-te-kurban-bajramit-ne-xhamine-e-bardhajve-19","status":"inherit","type":"attachment","link":"https:\/\/myftinia-shkoder.org\/?attachment_id=14919","title":{"rendered":"Program festiv n\u00eb pritje t\u00eb Kurban Bajramit n\u00eb xhamin\u00eb e Bardhajve"},"author":1,"featured_media":0,"comment_status":"closed","ping_status":"closed","template":"","meta":[],"attachment_category":[],"attachment_tag":[],"class_list":["post-14919","attachment","type-attachment","status-inherit","hentry"],"description":{"rendered":"<p class=\"attachment\"><a href='https:\/\/myftinia-shkoder.org\/wp-content\/uploads\/2024\/06\/Program-festiv-ne-pritje-te-Kurban-Bajramit-ne-xhamine-e-Bardhajve-19.jpg'><img loading=\"lazy\" decoding=\"async\" width=\"200\" height=\"300\" src=\"https:\/\/myftinia-shkoder.org\/wp-content\/uploads\/2024\/06\/Program-festiv-ne-pritje-te-Kurban-Bajramit-ne-xhamine-e-Bardhajve-19-200x300.jpg\" class=\"attachment-medium size-medium\" alt=\"\" srcset=\"https:\/\/myftinia-shkoder.org\/wp-content\/uploads\/2024\/06\/Program-festiv-ne-pritje-te-Kurban-Bajramit-ne-xhamine-e-Bardhajve-19-200x300.jpg 200w, https:\/\/myftinia-shkoder.org\/wp-content\/uploads\/2024\/06\/Program-festiv-ne-pritje-te-Kurban-Bajramit-ne-xhamine-e-Bardhajve-19-682x1024.jpg 682w, https:\/\/myftinia-shkoder.org\/wp-content\/uploads\/2024\/06\/Program-festiv-ne-pritje-te-Kurban-Bajramit-ne-xhamine-e-Bardhajve-19-768x1154.jpg 768w, https:\/\/myftinia-shkoder.org\/wp-content\/uploads\/2024\/06\/Program-festiv-ne-pritje-te-Kurban-Bajramit-ne-xhamine-e-Bardhajve-19.jpg 852w\" sizes=\"auto, (max-width: 200px) 100vw, 200px\" \/><\/a><\/p>\n"},"caption":{"rendered":"<div class=\"mh-excerpt\"><p>Program festiv n\u00eb pritje t\u00eb Kurban Bajramit n\u00eb xhamin\u00eb e Bardhajve <a class=\"mh-excerpt-more\" href=\"https:\/\/myftinia-shkoder.org\/?attachment_id=14919\" title=\"Program festiv n\u00eb pritje t\u00eb Kurban Bajramit n\u00eb xhamin\u00eb e Bardhajve\">[&#8230;]<\/a><\/p>\n<\/div>"},"alt_text":"","media_type":"image","mime_type":"image\/jpeg","media_details":{"width":852,"height":1280,"file":"2024\/06\/Program-festiv-ne-pritje-te-Kurban-Bajramit-ne-xhamine-e-Bardhajve-19.jpg","filesize":182222,"sizes":{"medium":{"file":"Program-festiv-ne-pritje-te-Kurban-Bajramit-ne-xhamine-e-Bardhajve-19-200x300.jpg","width":200,"height":300,"filesize":18481,"mime_type":"image\/jpeg","source_url":"https:\/\/myftinia-shkoder.org\/wp-content\/uploads\/2024\/06\/Program-festiv-ne-pritje-te-Kurban-Bajramit-ne-xhamine-e-Bardhajve-19-200x300.jpg"},"large":{"file":"Program-festiv-ne-pritje-te-Kurban-Bajramit-ne-xhamine-e-Bardhajve-19-682x1024.jpg","width":682,"height":1024,"filesize":108646,"mime_type":"image\/jpeg","source_url":"https:\/\/myftinia-shkoder.org\/wp-content\/uploads\/2024\/06\/Program-festiv-ne-pritje-te-Kurban-Bajramit-ne-xhamine-e-Bardhajve-19-682x1024.jpg"},"thumbnail":{"file":"Program-festiv-ne-pritje-te-Kurban-Bajramit-ne-xhamine-e-Bardhajve-19-150x150.jpg","width":150,"height":150,"filesize":8727,"mime_type":"image\/jpeg","source_url":"https:\/\/myftinia-shkoder.org\/wp-content\/uploads\/2024\/06\/Program-festiv-ne-pritje-te-Kurban-Bajramit-ne-xhamine-e-Bardhajve-19-150x150.jpg"},"medium_large":{"file":"Program-festiv-ne-pritje-te-Kurban-Bajramit-ne-xhamine-e-Bardhajve-19-768x1154.jpg","width":768,"height":1154,"filesize":128754,"mime_type":"image\/jpeg","source_url":"https:\/\/myftinia-shkoder.org\/wp-content\/uploads\/2024\/06\/Program-festiv-ne-pritje-te-Kurban-Bajramit-ne-xhamine-e-Bardhajve-19-768x1154.jpg"},"mh-magazine-slider":{"file":"Program-festiv-ne-pritje-te-Kurban-Bajramit-ne-xhamine-e-Bardhajve-19-852x438.jpg","width":852,"height":438,"filesize":55330,"mime_type":"image\/jpeg","source_url":"https:\/\/myftinia-shkoder.org\/wp-content\/uploads\/2024\/06\/Program-festiv-ne-pritje-te-Kurban-Bajramit-ne-xhamine-e-Bardhajve-19-852x438.jpg"},"mh-magazine-content":{"file":"Program-festiv-ne-pritje-te-Kurban-Bajramit-ne-xhamine-e-Bardhajve-19-678x381.jpg","width":678,"height":381,"filesize":41514,"mime_type":"image\/jpeg","source_url":"https:\/\/myftinia-shkoder.org\/wp-content\/uploads\/2024\/06\/Program-festiv-ne-pritje-te-Kurban-Bajramit-ne-xhamine-e-Bardhajve-19-678x381.jpg"},"mh-magazine-large":{"file":"Program-festiv-ne-pritje-te-Kurban-Bajramit-ne-xhamine-e-Bardhajve-19-678x509.jpg","width":678,"height":509,"filesize":57007,"mime_type":"image\/jpeg","source_url":"https:\/\/myftinia-shkoder.org\/wp-content\/uploads\/2024\/06\/Program-festiv-ne-pritje-te-Kurban-Bajramit-ne-xhamine-e-Bardhajve-19-678x509.jpg"},"mh-magazine-medium":{"file":"Program-festiv-ne-pritje-te-Kurban-Bajramit-ne-xhamine-e-Bardhajve-19-326x245.jpg","width":326,"height":245,"filesize":20525,"mime_type":"image\/jpeg","source_url":"https:\/\/myftinia-shkoder.org\/wp-content\/uploads\/2024\/06\/Program-festiv-ne-pritje-te-Kurban-Bajramit-ne-xhamine-e-Bardhajve-19-326x245.jpg"},"mh-magazine-small":{"file":"Program-festiv-ne-pritje-te-Kurban-Bajramit-ne-xhamine-e-Bardhajve-19-80x60.jpg","width":80,"height":60,"filesize":2848,"mime_type":"image\/jpeg","source_url":"https:\/\/myftinia-shkoder.org\/wp-content\/uploads\/2024\/06\/Program-festiv-ne-pritje-te-Kurban-Bajramit-ne-xhamine-e-Bardhajve-19-80x60.jpg"},"full":{"file":"Program-festiv-ne-pritje-te-Kurban-Bajramit-ne-xhamine-e-Bardhajve-19.jpg","width":852,"height":1280,"mime_type":"image\/jpeg","source_url":"https:\/\/myftinia-shkoder.org\/wp-content\/uploads\/2024\/06\/Program-festiv-ne-pritje-te-Kurban-Bajramit-ne-xhamine-e-Bardhajve-19.jpg"}},"image_meta":{"aperture":"0","credit":"","camera":"","caption":"Program festiv n\u00eb pritje t\u00eb Kurban Bajramit n\u00eb xhamin\u00eb e Bardhajve","created_timestamp":"0","copyright":"","focal_length":"0","iso":"0","shutter_speed":"0","title":"Program festiv n\u00eb pritje t\u00eb Kurban Bajramit n\u00eb xhamin\u00eb e Bardhajve","orientation":"0","keywords":[]}},"post":14900,"source_url":"https:\/\/myftinia-shkoder.org\/wp-content\/uploads\/2024\/06\/Program-festiv-ne-pritje-te-Kurban-Bajramit-ne-xhamine-e-Bardhajve-19.jpg","_links":{"self":[{"href":"https:\/\/myftinia-shkoder.org\/index.php?rest_route=\/wp\/v2\/media\/14919","targetHints":{"allow":["GET"]}}],"collection":[{"href":"https:\/\/myftinia-shkoder.org\/index.php?rest_route=\/wp\/v2\/media"}],"about":[{"href":"https:\/\/myftinia-shkoder.org\/index.php?rest_route=\/wp\/v2\/types\/attachment"}],"author":[{"embeddable":true,"href":"https:\/\/myftinia-shkoder.org\/index.php?rest_route=\/wp\/v2\/users\/1"}],"replies":[{"embeddable":true,"href":"https:\/\/myftinia-shkoder.org\/index.php?rest_route=%2Fwp%2Fv2%2Fcomments&post=14919"}],"wp:term":[{"taxonomy":"attachment_category","embeddable":true,"href":"https:\/\/myftinia-shkoder.org\/index.php?rest_route=%2Fwp%2Fv2%2Fattachment_category&post=14919"},{"taxonomy":"attachment_tag","embeddable":true,"href":"https:\/\/myftinia-shkoder.org\/index.php?rest_route=%2Fwp%2Fv2%2Fattachment_tag&post=14919"}],"wp:attached-to":[{"embeddable":true,"post_type":"post","id":14900,"href":"https:\/\/myftinia-shkoder.org\/index.php?rest_route=\/wp\/v2\/posts\/14900"}],"curies":[{"name":"wp","href":"https:\/\/api.w.org\/{rel}","templated":true}]}}

Program festiv në pritje të Kurban Bajramit në xhaminë e Bardhajve

<div class="mh-excerpt"><p>Program festiv në pritje të Kurban Bajramit në xhaminë e Bardhajve <a class="mh-excerpt-more" href="https://myftinia-shkoder.org/?attachment_id=14919" title="Program festiv në pritje të Kurban Bajramit në xhaminë e Bardhajve">[&#8230;]</a></p>
</div>
