{"id":15618,"date":"2024-09-13T07:36:44","date_gmt":"2024-09-13T07:36:44","guid":{"rendered":"http:\/\/myftinia-shkoder.org\/wp-content\/uploads\/2024\/09\/Nje-takim-i-perzemert-me-ish-Kryetarin-e-Dijanetit-te-Turqise-7.jpg"},"modified":"2024-09-13T07:36:44","modified_gmt":"2024-09-13T07:36:44","slug":"nje-takim-i-perzemert-me-ish-kryetarin-e-dijanetit-te-turqise-7","status":"inherit","type":"attachment","link":"https:\/\/myftinia-shkoder.org\/?attachment_id=15618","title":{"rendered":"Nj\u00eb takim i p\u00ebrzem\u00ebrt me ish- Kryetarin e Dijanetit t\u00eb Turqis\u00eb"},"author":1,"featured_media":0,"comment_status":"closed","ping_status":"closed","template":"","meta":[],"attachment_category":[],"attachment_tag":[],"class_list":["post-15618","attachment","type-attachment","status-inherit","hentry"],"description":{"rendered":"<p class=\"attachment\"><a href='https:\/\/myftinia-shkoder.org\/wp-content\/uploads\/2024\/09\/Nje-takim-i-perzemert-me-ish-Kryetarin-e-Dijanetit-te-Turqise-7.jpg'><img loading=\"lazy\" decoding=\"async\" width=\"135\" height=\"300\" src=\"https:\/\/myftinia-shkoder.org\/wp-content\/uploads\/2024\/09\/Nje-takim-i-perzemert-me-ish-Kryetarin-e-Dijanetit-te-Turqise-7-135x300.jpg\" class=\"attachment-medium size-medium\" alt=\"\" srcset=\"https:\/\/myftinia-shkoder.org\/wp-content\/uploads\/2024\/09\/Nje-takim-i-perzemert-me-ish-Kryetarin-e-Dijanetit-te-Turqise-7-135x300.jpg 135w, https:\/\/myftinia-shkoder.org\/wp-content\/uploads\/2024\/09\/Nje-takim-i-perzemert-me-ish-Kryetarin-e-Dijanetit-te-Turqise-7-461x1024.jpg 461w, https:\/\/myftinia-shkoder.org\/wp-content\/uploads\/2024\/09\/Nje-takim-i-perzemert-me-ish-Kryetarin-e-Dijanetit-te-Turqise-7-691x1536.jpg 691w, https:\/\/myftinia-shkoder.org\/wp-content\/uploads\/2024\/09\/Nje-takim-i-perzemert-me-ish-Kryetarin-e-Dijanetit-te-Turqise-7.jpg 720w\" sizes=\"auto, (max-width: 135px) 100vw, 135px\" \/><\/a><\/p>\n"},"caption":{"rendered":"<div class=\"mh-excerpt\"><p>Nj\u00eb takim i p\u00ebrzem\u00ebrt me ish- Kryetarin e Dijanetit t\u00eb Turqis\u00eb <a class=\"mh-excerpt-more\" href=\"https:\/\/myftinia-shkoder.org\/?attachment_id=15618\" title=\"Nj\u00eb takim i p\u00ebrzem\u00ebrt me ish- Kryetarin e Dijanetit t\u00eb Turqis\u00eb\">[&#8230;]<\/a><\/p>\n<\/div>"},"alt_text":"","media_type":"image","mime_type":"image\/jpeg","media_details":{"width":720,"height":1600,"file":"2024\/09\/Nje-takim-i-perzemert-me-ish-Kryetarin-e-Dijanetit-te-Turqise-7.jpg","filesize":111357,"sizes":{"medium":{"file":"Nje-takim-i-perzemert-me-ish-Kryetarin-e-Dijanetit-te-Turqise-7-135x300.jpg","width":135,"height":300,"filesize":9135,"mime_type":"image\/jpeg","source_url":"https:\/\/myftinia-shkoder.org\/wp-content\/uploads\/2024\/09\/Nje-takim-i-perzemert-me-ish-Kryetarin-e-Dijanetit-te-Turqise-7-135x300.jpg"},"large":{"file":"Nje-takim-i-perzemert-me-ish-Kryetarin-e-Dijanetit-te-Turqise-7-461x1024.jpg","width":461,"height":1024,"filesize":53660,"mime_type":"image\/jpeg","source_url":"https:\/\/myftinia-shkoder.org\/wp-content\/uploads\/2024\/09\/Nje-takim-i-perzemert-me-ish-Kryetarin-e-Dijanetit-te-Turqise-7-461x1024.jpg"},"thumbnail":{"file":"Nje-takim-i-perzemert-me-ish-Kryetarin-e-Dijanetit-te-Turqise-7-150x150.jpg","width":150,"height":150,"filesize":6984,"mime_type":"image\/jpeg","source_url":"https:\/\/myftinia-shkoder.org\/wp-content\/uploads\/2024\/09\/Nje-takim-i-perzemert-me-ish-Kryetarin-e-Dijanetit-te-Turqise-7-150x150.jpg"},"1536x1536":{"file":"Nje-takim-i-perzemert-me-ish-Kryetarin-e-Dijanetit-te-Turqise-7-691x1536.jpg","width":691,"height":1536,"filesize":95533,"mime_type":"image\/jpeg","source_url":"https:\/\/myftinia-shkoder.org\/wp-content\/uploads\/2024\/09\/Nje-takim-i-perzemert-me-ish-Kryetarin-e-Dijanetit-te-Turqise-7-691x1536.jpg"},"mh-magazine-slider":{"file":"Nje-takim-i-perzemert-me-ish-Kryetarin-e-Dijanetit-te-Turqise-7-720x438.jpg","width":720,"height":438,"filesize":41114,"mime_type":"image\/jpeg","source_url":"https:\/\/myftinia-shkoder.org\/wp-content\/uploads\/2024\/09\/Nje-takim-i-perzemert-me-ish-Kryetarin-e-Dijanetit-te-Turqise-7-720x438.jpg"},"mh-magazine-content":{"file":"Nje-takim-i-perzemert-me-ish-Kryetarin-e-Dijanetit-te-Turqise-7-678x381.jpg","width":678,"height":381,"filesize":33932,"mime_type":"image\/jpeg","source_url":"https:\/\/myftinia-shkoder.org\/wp-content\/uploads\/2024\/09\/Nje-takim-i-perzemert-me-ish-Kryetarin-e-Dijanetit-te-Turqise-7-678x381.jpg"},"mh-magazine-large":{"file":"Nje-takim-i-perzemert-me-ish-Kryetarin-e-Dijanetit-te-Turqise-7-678x509.jpg","width":678,"height":509,"filesize":44022,"mime_type":"image\/jpeg","source_url":"https:\/\/myftinia-shkoder.org\/wp-content\/uploads\/2024\/09\/Nje-takim-i-perzemert-me-ish-Kryetarin-e-Dijanetit-te-Turqise-7-678x509.jpg"},"mh-magazine-medium":{"file":"Nje-takim-i-perzemert-me-ish-Kryetarin-e-Dijanetit-te-Turqise-7-326x245.jpg","width":326,"height":245,"filesize":16232,"mime_type":"image\/jpeg","source_url":"https:\/\/myftinia-shkoder.org\/wp-content\/uploads\/2024\/09\/Nje-takim-i-perzemert-me-ish-Kryetarin-e-Dijanetit-te-Turqise-7-326x245.jpg"},"mh-magazine-small":{"file":"Nje-takim-i-perzemert-me-ish-Kryetarin-e-Dijanetit-te-Turqise-7-80x60.jpg","width":80,"height":60,"filesize":2467,"mime_type":"image\/jpeg","source_url":"https:\/\/myftinia-shkoder.org\/wp-content\/uploads\/2024\/09\/Nje-takim-i-perzemert-me-ish-Kryetarin-e-Dijanetit-te-Turqise-7-80x60.jpg"},"full":{"file":"Nje-takim-i-perzemert-me-ish-Kryetarin-e-Dijanetit-te-Turqise-7.jpg","width":720,"height":1600,"mime_type":"image\/jpeg","source_url":"https:\/\/myftinia-shkoder.org\/wp-content\/uploads\/2024\/09\/Nje-takim-i-perzemert-me-ish-Kryetarin-e-Dijanetit-te-Turqise-7.jpg"}},"image_meta":{"aperture":"0","credit":"","camera":"","caption":"Nj\u00eb takim i p\u00ebrzem\u00ebrt me ish- Kryetarin e Dijanetit t\u00eb Turqis\u00eb","created_timestamp":"0","copyright":"","focal_length":"0","iso":"0","shutter_speed":"0","title":"Nj\u00eb takim i p\u00ebrzem\u00ebrt me ish- Kryetarin e Dijanetit t\u00eb Turqis\u00eb","orientation":"0","keywords":[]}},"post":15611,"source_url":"https:\/\/myftinia-shkoder.org\/wp-content\/uploads\/2024\/09\/Nje-takim-i-perzemert-me-ish-Kryetarin-e-Dijanetit-te-Turqise-7.jpg","_links":{"self":[{"href":"https:\/\/myftinia-shkoder.org\/index.php?rest_route=\/wp\/v2\/media\/15618","targetHints":{"allow":["GET"]}}],"collection":[{"href":"https:\/\/myftinia-shkoder.org\/index.php?rest_route=\/wp\/v2\/media"}],"about":[{"href":"https:\/\/myftinia-shkoder.org\/index.php?rest_route=\/wp\/v2\/types\/attachment"}],"author":[{"embeddable":true,"href":"https:\/\/myftinia-shkoder.org\/index.php?rest_route=\/wp\/v2\/users\/1"}],"replies":[{"embeddable":true,"href":"https:\/\/myftinia-shkoder.org\/index.php?rest_route=%2Fwp%2Fv2%2Fcomments&post=15618"}],"wp:term":[{"taxonomy":"attachment_category","embeddable":true,"href":"https:\/\/myftinia-shkoder.org\/index.php?rest_route=%2Fwp%2Fv2%2Fattachment_category&post=15618"},{"taxonomy":"attachment_tag","embeddable":true,"href":"https:\/\/myftinia-shkoder.org\/index.php?rest_route=%2Fwp%2Fv2%2Fattachment_tag&post=15618"}],"wp:attached-to":[{"embeddable":true,"post_type":"post","id":15611,"href":"https:\/\/myftinia-shkoder.org\/index.php?rest_route=\/wp\/v2\/posts\/15611"}],"curies":[{"name":"wp","href":"https:\/\/api.w.org\/{rel}","templated":true}]}}

Një takim i përzemërt me ish- Kryetarin e Dijanetit të Turqisë

<div class="mh-excerpt"><p>Një takim i përzemërt me ish- Kryetarin e Dijanetit të Turqisë <a class="mh-excerpt-more" href="https://myftinia-shkoder.org/?attachment_id=15618" title="Një takim i përzemërt me ish- Kryetarin e Dijanetit të Turqisë">[&#8230;]</a></p>
</div>
