{"id":16355,"date":"2025-01-13T14:19:03","date_gmt":"2025-01-13T14:19:03","guid":{"rendered":"http:\/\/myftinia-shkoder.org\/wp-content\/uploads\/2025\/01\/Myftiu-i-Shkodres-viziton-Rektorin-e-Universitetit-te-Shkodres-6.jpg"},"modified":"2025-01-13T14:19:03","modified_gmt":"2025-01-13T14:19:03","slug":"myftiu-i-shkodres-viziton-rektorin-e-universitetit-te-shkodres-6","status":"inherit","type":"attachment","link":"https:\/\/myftinia-shkoder.org\/?attachment_id=16355","title":{"rendered":"Myftiu i Shkodr\u00ebs viziton Rektorin e Universitetit t\u00eb Shkodr\u00ebs"},"author":1,"featured_media":0,"comment_status":"closed","ping_status":"closed","template":"","meta":[],"attachment_category":[],"attachment_tag":[],"class_list":["post-16355","attachment","type-attachment","status-inherit","hentry"],"description":{"rendered":"<p class=\"attachment\"><a href='https:\/\/myftinia-shkoder.org\/wp-content\/uploads\/2025\/01\/Myftiu-i-Shkodres-viziton-Rektorin-e-Universitetit-te-Shkodres-6.jpg'><img loading=\"lazy\" decoding=\"async\" width=\"261\" height=\"300\" src=\"https:\/\/myftinia-shkoder.org\/wp-content\/uploads\/2025\/01\/Myftiu-i-Shkodres-viziton-Rektorin-e-Universitetit-te-Shkodres-6-261x300.jpg\" class=\"attachment-medium size-medium\" alt=\"\" srcset=\"https:\/\/myftinia-shkoder.org\/wp-content\/uploads\/2025\/01\/Myftiu-i-Shkodres-viziton-Rektorin-e-Universitetit-te-Shkodres-6-261x300.jpg 261w, https:\/\/myftinia-shkoder.org\/wp-content\/uploads\/2025\/01\/Myftiu-i-Shkodres-viziton-Rektorin-e-Universitetit-te-Shkodres-6-892x1024.jpg 892w, https:\/\/myftinia-shkoder.org\/wp-content\/uploads\/2025\/01\/Myftiu-i-Shkodres-viziton-Rektorin-e-Universitetit-te-Shkodres-6-768x882.jpg 768w, https:\/\/myftinia-shkoder.org\/wp-content\/uploads\/2025\/01\/Myftiu-i-Shkodres-viziton-Rektorin-e-Universitetit-te-Shkodres-6.jpg 1115w\" sizes=\"auto, (max-width: 261px) 100vw, 261px\" \/><\/a><\/p>\n"},"caption":{"rendered":"<div class=\"mh-excerpt\"><p>Myftiu i Shkodr\u00ebs viziton Rektorin e Universitetit t\u00eb Shkodr\u00ebs <a class=\"mh-excerpt-more\" href=\"https:\/\/myftinia-shkoder.org\/?attachment_id=16355\" title=\"Myftiu i Shkodr\u00ebs viziton Rektorin e Universitetit t\u00eb Shkodr\u00ebs\">[&#8230;]<\/a><\/p>\n<\/div>"},"alt_text":"","media_type":"image","mime_type":"image\/jpeg","media_details":{"width":1115,"height":1280,"file":"2025\/01\/Myftiu-i-Shkodres-viziton-Rektorin-e-Universitetit-te-Shkodres-6.jpg","filesize":130915,"sizes":{"medium":{"file":"Myftiu-i-Shkodres-viziton-Rektorin-e-Universitetit-te-Shkodres-6-261x300.jpg","width":261,"height":300,"filesize":14860,"mime_type":"image\/jpeg","source_url":"https:\/\/myftinia-shkoder.org\/wp-content\/uploads\/2025\/01\/Myftiu-i-Shkodres-viziton-Rektorin-e-Universitetit-te-Shkodres-6-261x300.jpg"},"large":{"file":"Myftiu-i-Shkodres-viziton-Rektorin-e-Universitetit-te-Shkodres-6-892x1024.jpg","width":892,"height":1024,"filesize":105605,"mime_type":"image\/jpeg","source_url":"https:\/\/myftinia-shkoder.org\/wp-content\/uploads\/2025\/01\/Myftiu-i-Shkodres-viziton-Rektorin-e-Universitetit-te-Shkodres-6-892x1024.jpg"},"thumbnail":{"file":"Myftiu-i-Shkodres-viziton-Rektorin-e-Universitetit-te-Shkodres-6-150x150.jpg","width":150,"height":150,"filesize":5876,"mime_type":"image\/jpeg","source_url":"https:\/\/myftinia-shkoder.org\/wp-content\/uploads\/2025\/01\/Myftiu-i-Shkodres-viziton-Rektorin-e-Universitetit-te-Shkodres-6-150x150.jpg"},"medium_large":{"file":"Myftiu-i-Shkodres-viziton-Rektorin-e-Universitetit-te-Shkodres-6-768x882.jpg","width":768,"height":882,"filesize":83787,"mime_type":"image\/jpeg","source_url":"https:\/\/myftinia-shkoder.org\/wp-content\/uploads\/2025\/01\/Myftiu-i-Shkodres-viziton-Rektorin-e-Universitetit-te-Shkodres-6-768x882.jpg"},"mh-magazine-slider":{"file":"Myftiu-i-Shkodres-viziton-Rektorin-e-Universitetit-te-Shkodres-6-1030x438.jpg","width":1030,"height":438,"filesize":65491,"mime_type":"image\/jpeg","source_url":"https:\/\/myftinia-shkoder.org\/wp-content\/uploads\/2025\/01\/Myftiu-i-Shkodres-viziton-Rektorin-e-Universitetit-te-Shkodres-6-1030x438.jpg"},"mh-magazine-content":{"file":"Myftiu-i-Shkodres-viziton-Rektorin-e-Universitetit-te-Shkodres-6-678x381.jpg","width":678,"height":381,"filesize":42351,"mime_type":"image\/jpeg","source_url":"https:\/\/myftinia-shkoder.org\/wp-content\/uploads\/2025\/01\/Myftiu-i-Shkodres-viziton-Rektorin-e-Universitetit-te-Shkodres-6-678x381.jpg"},"mh-magazine-large":{"file":"Myftiu-i-Shkodres-viziton-Rektorin-e-Universitetit-te-Shkodres-6-678x509.jpg","width":678,"height":509,"filesize":50936,"mime_type":"image\/jpeg","source_url":"https:\/\/myftinia-shkoder.org\/wp-content\/uploads\/2025\/01\/Myftiu-i-Shkodres-viziton-Rektorin-e-Universitetit-te-Shkodres-6-678x509.jpg"},"mh-magazine-medium":{"file":"Myftiu-i-Shkodres-viziton-Rektorin-e-Universitetit-te-Shkodres-6-326x245.jpg","width":326,"height":245,"filesize":16572,"mime_type":"image\/jpeg","source_url":"https:\/\/myftinia-shkoder.org\/wp-content\/uploads\/2025\/01\/Myftiu-i-Shkodres-viziton-Rektorin-e-Universitetit-te-Shkodres-6-326x245.jpg"},"mh-magazine-small":{"file":"Myftiu-i-Shkodres-viziton-Rektorin-e-Universitetit-te-Shkodres-6-80x60.jpg","width":80,"height":60,"filesize":2279,"mime_type":"image\/jpeg","source_url":"https:\/\/myftinia-shkoder.org\/wp-content\/uploads\/2025\/01\/Myftiu-i-Shkodres-viziton-Rektorin-e-Universitetit-te-Shkodres-6-80x60.jpg"},"full":{"file":"Myftiu-i-Shkodres-viziton-Rektorin-e-Universitetit-te-Shkodres-6.jpg","width":1115,"height":1280,"mime_type":"image\/jpeg","source_url":"https:\/\/myftinia-shkoder.org\/wp-content\/uploads\/2025\/01\/Myftiu-i-Shkodres-viziton-Rektorin-e-Universitetit-te-Shkodres-6.jpg"}},"image_meta":{"aperture":"0","credit":"","camera":"","caption":"Myftiu i Shkodr\u00ebs viziton Rektorin e Universitetit t\u00eb Shkodr\u00ebs","created_timestamp":"0","copyright":"","focal_length":"0","iso":"0","shutter_speed":"0","title":"Myftiu i Shkodr\u00ebs viziton Rektorin e Universitetit t\u00eb Shkodr\u00ebs","orientation":"0","keywords":[]}},"post":16349,"source_url":"https:\/\/myftinia-shkoder.org\/wp-content\/uploads\/2025\/01\/Myftiu-i-Shkodres-viziton-Rektorin-e-Universitetit-te-Shkodres-6.jpg","_links":{"self":[{"href":"https:\/\/myftinia-shkoder.org\/index.php?rest_route=\/wp\/v2\/media\/16355","targetHints":{"allow":["GET"]}}],"collection":[{"href":"https:\/\/myftinia-shkoder.org\/index.php?rest_route=\/wp\/v2\/media"}],"about":[{"href":"https:\/\/myftinia-shkoder.org\/index.php?rest_route=\/wp\/v2\/types\/attachment"}],"author":[{"embeddable":true,"href":"https:\/\/myftinia-shkoder.org\/index.php?rest_route=\/wp\/v2\/users\/1"}],"replies":[{"embeddable":true,"href":"https:\/\/myftinia-shkoder.org\/index.php?rest_route=%2Fwp%2Fv2%2Fcomments&post=16355"}],"wp:term":[{"taxonomy":"attachment_category","embeddable":true,"href":"https:\/\/myftinia-shkoder.org\/index.php?rest_route=%2Fwp%2Fv2%2Fattachment_category&post=16355"},{"taxonomy":"attachment_tag","embeddable":true,"href":"https:\/\/myftinia-shkoder.org\/index.php?rest_route=%2Fwp%2Fv2%2Fattachment_tag&post=16355"}],"wp:attached-to":[{"embeddable":true,"post_type":"post","id":16349,"href":"https:\/\/myftinia-shkoder.org\/index.php?rest_route=\/wp\/v2\/posts\/16349"}],"curies":[{"name":"wp","href":"https:\/\/api.w.org\/{rel}","templated":true}]}}

Myftiu i Shkodrës viziton Rektorin e Universitetit të Shkodrës

<div class="mh-excerpt"><p>Myftiu i Shkodrës viziton Rektorin e Universitetit të Shkodrës <a class="mh-excerpt-more" href="https://myftinia-shkoder.org/?attachment_id=16355" title="Myftiu i Shkodrës viziton Rektorin e Universitetit të Shkodrës">[&#8230;]</a></p>
</div>
