{"id":16881,"date":"2025-02-20T12:11:32","date_gmt":"2025-02-20T12:11:32","guid":{"rendered":"http:\/\/myftinia-shkoder.org\/wp-content\/uploads\/2025\/02\/Myftiu-i-Shkodres-mori-pjese-ne-pritjen-e-festes-kombetare-te-Shtetit-te-Kuvajtit-1.jpg"},"modified":"2025-02-20T12:11:32","modified_gmt":"2025-02-20T12:11:32","slug":"myftiu-i-shkodres-mori-pjese-ne-pritjen-e-festes-kombetare-te-shtetit-te-kuvajtit-1","status":"inherit","type":"attachment","link":"https:\/\/myftinia-shkoder.org\/?attachment_id=16881","title":{"rendered":"Myftiu i Shkodr\u00ebs mori pjes\u00eb n\u00eb pritjen e fest\u00ebs komb\u00ebtare t\u00eb Shtetit t\u00eb Kuvajtit (1)"},"author":1,"featured_media":0,"comment_status":"closed","ping_status":"closed","template":"","meta":[],"attachment_category":[],"attachment_tag":[],"class_list":["post-16881","attachment","type-attachment","status-inherit","hentry"],"description":{"rendered":"<p class=\"attachment\"><a href='https:\/\/myftinia-shkoder.org\/wp-content\/uploads\/2025\/02\/Myftiu-i-Shkodres-mori-pjese-ne-pritjen-e-festes-kombetare-te-Shtetit-te-Kuvajtit-1-scaled.jpg'><img loading=\"lazy\" decoding=\"async\" width=\"300\" height=\"135\" src=\"https:\/\/myftinia-shkoder.org\/wp-content\/uploads\/2025\/02\/Myftiu-i-Shkodres-mori-pjese-ne-pritjen-e-festes-kombetare-te-Shtetit-te-Kuvajtit-1-300x135.jpg\" class=\"attachment-medium size-medium\" alt=\"\" srcset=\"https:\/\/myftinia-shkoder.org\/wp-content\/uploads\/2025\/02\/Myftiu-i-Shkodres-mori-pjese-ne-pritjen-e-festes-kombetare-te-Shtetit-te-Kuvajtit-1-300x135.jpg 300w, https:\/\/myftinia-shkoder.org\/wp-content\/uploads\/2025\/02\/Myftiu-i-Shkodres-mori-pjese-ne-pritjen-e-festes-kombetare-te-Shtetit-te-Kuvajtit-1-1024x461.jpg 1024w, https:\/\/myftinia-shkoder.org\/wp-content\/uploads\/2025\/02\/Myftiu-i-Shkodres-mori-pjese-ne-pritjen-e-festes-kombetare-te-Shtetit-te-Kuvajtit-1-768x346.jpg 768w, https:\/\/myftinia-shkoder.org\/wp-content\/uploads\/2025\/02\/Myftiu-i-Shkodres-mori-pjese-ne-pritjen-e-festes-kombetare-te-Shtetit-te-Kuvajtit-1-1536x692.jpg 1536w, https:\/\/myftinia-shkoder.org\/wp-content\/uploads\/2025\/02\/Myftiu-i-Shkodres-mori-pjese-ne-pritjen-e-festes-kombetare-te-Shtetit-te-Kuvajtit-1-2048x922.jpg 2048w\" sizes=\"auto, (max-width: 300px) 100vw, 300px\" \/><\/a><\/p>\n"},"caption":{"rendered":"<div class=\"mh-excerpt\"><p>Myftiu i Shkodr\u00ebs mori pjes\u00eb n\u00eb pritjen e fest\u00ebs komb\u00ebtare t\u00eb Shtetit t\u00eb Kuvajtit <a class=\"mh-excerpt-more\" href=\"https:\/\/myftinia-shkoder.org\/?attachment_id=16881\" title=\"Myftiu i Shkodr\u00ebs mori pjes\u00eb n\u00eb pritjen e fest\u00ebs komb\u00ebtare t\u00eb Shtetit t\u00eb Kuvajtit (1)\">[&#8230;]<\/a><\/p>\n<\/div>"},"alt_text":"","media_type":"image","mime_type":"image\/jpeg","media_details":{"width":2560,"height":1153,"file":"2025\/02\/Myftiu-i-Shkodres-mori-pjese-ne-pritjen-e-festes-kombetare-te-Shtetit-te-Kuvajtit-1-scaled.jpg","filesize":301199,"sizes":{"medium":{"file":"Myftiu-i-Shkodres-mori-pjese-ne-pritjen-e-festes-kombetare-te-Shtetit-te-Kuvajtit-1-300x135.jpg","width":300,"height":135,"filesize":10657,"mime_type":"image\/jpeg","source_url":"https:\/\/myftinia-shkoder.org\/wp-content\/uploads\/2025\/02\/Myftiu-i-Shkodres-mori-pjese-ne-pritjen-e-festes-kombetare-te-Shtetit-te-Kuvajtit-1-300x135.jpg"},"large":{"file":"Myftiu-i-Shkodres-mori-pjese-ne-pritjen-e-festes-kombetare-te-Shtetit-te-Kuvajtit-1-1024x461.jpg","width":1024,"height":461,"filesize":73504,"mime_type":"image\/jpeg","source_url":"https:\/\/myftinia-shkoder.org\/wp-content\/uploads\/2025\/02\/Myftiu-i-Shkodres-mori-pjese-ne-pritjen-e-festes-kombetare-te-Shtetit-te-Kuvajtit-1-1024x461.jpg"},"thumbnail":{"file":"Myftiu-i-Shkodres-mori-pjese-ne-pritjen-e-festes-kombetare-te-Shtetit-te-Kuvajtit-1-150x150.jpg","width":150,"height":150,"filesize":6147,"mime_type":"image\/jpeg","source_url":"https:\/\/myftinia-shkoder.org\/wp-content\/uploads\/2025\/02\/Myftiu-i-Shkodres-mori-pjese-ne-pritjen-e-festes-kombetare-te-Shtetit-te-Kuvajtit-1-150x150.jpg"},"medium_large":{"file":"Myftiu-i-Shkodres-mori-pjese-ne-pritjen-e-festes-kombetare-te-Shtetit-te-Kuvajtit-1-768x346.jpg","width":768,"height":346,"filesize":45960,"mime_type":"image\/jpeg","source_url":"https:\/\/myftinia-shkoder.org\/wp-content\/uploads\/2025\/02\/Myftiu-i-Shkodres-mori-pjese-ne-pritjen-e-festes-kombetare-te-Shtetit-te-Kuvajtit-1-768x346.jpg"},"1536x1536":{"file":"Myftiu-i-Shkodres-mori-pjese-ne-pritjen-e-festes-kombetare-te-Shtetit-te-Kuvajtit-1-1536x692.jpg","width":1536,"height":692,"filesize":138646,"mime_type":"image\/jpeg","source_url":"https:\/\/myftinia-shkoder.org\/wp-content\/uploads\/2025\/02\/Myftiu-i-Shkodres-mori-pjese-ne-pritjen-e-festes-kombetare-te-Shtetit-te-Kuvajtit-1-1536x692.jpg"},"2048x2048":{"file":"Myftiu-i-Shkodres-mori-pjese-ne-pritjen-e-festes-kombetare-te-Shtetit-te-Kuvajtit-1-2048x922.jpg","width":2048,"height":922,"filesize":215423,"mime_type":"image\/jpeg","source_url":"https:\/\/myftinia-shkoder.org\/wp-content\/uploads\/2025\/02\/Myftiu-i-Shkodres-mori-pjese-ne-pritjen-e-festes-kombetare-te-Shtetit-te-Kuvajtit-1-2048x922.jpg"},"mh-magazine-slider":{"file":"Myftiu-i-Shkodres-mori-pjese-ne-pritjen-e-festes-kombetare-te-Shtetit-te-Kuvajtit-1-1030x438.jpg","width":1030,"height":438,"filesize":70861,"mime_type":"image\/jpeg","source_url":"https:\/\/myftinia-shkoder.org\/wp-content\/uploads\/2025\/02\/Myftiu-i-Shkodres-mori-pjese-ne-pritjen-e-festes-kombetare-te-Shtetit-te-Kuvajtit-1-1030x438.jpg"},"mh-magazine-content":{"file":"Myftiu-i-Shkodres-mori-pjese-ne-pritjen-e-festes-kombetare-te-Shtetit-te-Kuvajtit-1-678x381.jpg","width":678,"height":381,"filesize":44860,"mime_type":"image\/jpeg","source_url":"https:\/\/myftinia-shkoder.org\/wp-content\/uploads\/2025\/02\/Myftiu-i-Shkodres-mori-pjese-ne-pritjen-e-festes-kombetare-te-Shtetit-te-Kuvajtit-1-678x381.jpg"},"mh-magazine-large":{"file":"Myftiu-i-Shkodres-mori-pjese-ne-pritjen-e-festes-kombetare-te-Shtetit-te-Kuvajtit-1-678x509.jpg","width":678,"height":509,"filesize":52349,"mime_type":"image\/jpeg","source_url":"https:\/\/myftinia-shkoder.org\/wp-content\/uploads\/2025\/02\/Myftiu-i-Shkodres-mori-pjese-ne-pritjen-e-festes-kombetare-te-Shtetit-te-Kuvajtit-1-678x509.jpg"},"mh-magazine-medium":{"file":"Myftiu-i-Shkodres-mori-pjese-ne-pritjen-e-festes-kombetare-te-Shtetit-te-Kuvajtit-1-326x245.jpg","width":326,"height":245,"filesize":16752,"mime_type":"image\/jpeg","source_url":"https:\/\/myftinia-shkoder.org\/wp-content\/uploads\/2025\/02\/Myftiu-i-Shkodres-mori-pjese-ne-pritjen-e-festes-kombetare-te-Shtetit-te-Kuvajtit-1-326x245.jpg"},"mh-magazine-small":{"file":"Myftiu-i-Shkodres-mori-pjese-ne-pritjen-e-festes-kombetare-te-Shtetit-te-Kuvajtit-1-80x60.jpg","width":80,"height":60,"filesize":2375,"mime_type":"image\/jpeg","source_url":"https:\/\/myftinia-shkoder.org\/wp-content\/uploads\/2025\/02\/Myftiu-i-Shkodres-mori-pjese-ne-pritjen-e-festes-kombetare-te-Shtetit-te-Kuvajtit-1-80x60.jpg"},"full":{"file":"Myftiu-i-Shkodres-mori-pjese-ne-pritjen-e-festes-kombetare-te-Shtetit-te-Kuvajtit-1-scaled.jpg","width":2560,"height":1153,"mime_type":"image\/jpeg","source_url":"https:\/\/myftinia-shkoder.org\/wp-content\/uploads\/2025\/02\/Myftiu-i-Shkodres-mori-pjese-ne-pritjen-e-festes-kombetare-te-Shtetit-te-Kuvajtit-1-scaled.jpg"}},"image_meta":{"aperture":"0","credit":"","camera":"","caption":"Myftiu i Shkodr\u00ebs mori pjes\u00eb n\u00eb pritjen e fest\u00ebs komb\u00ebtare t\u00eb Shtetit t\u00eb Kuvajtit","created_timestamp":"0","copyright":"","focal_length":"0","iso":"0","shutter_speed":"0","title":"","orientation":"0","keywords":[]},"original_image":"Myftiu-i-Shkodres-mori-pjese-ne-pritjen-e-festes-kombetare-te-Shtetit-te-Kuvajtit-1.jpg"},"post":16880,"source_url":"https:\/\/myftinia-shkoder.org\/wp-content\/uploads\/2025\/02\/Myftiu-i-Shkodres-mori-pjese-ne-pritjen-e-festes-kombetare-te-Shtetit-te-Kuvajtit-1-scaled.jpg","_links":{"self":[{"href":"https:\/\/myftinia-shkoder.org\/index.php?rest_route=\/wp\/v2\/media\/16881","targetHints":{"allow":["GET"]}}],"collection":[{"href":"https:\/\/myftinia-shkoder.org\/index.php?rest_route=\/wp\/v2\/media"}],"about":[{"href":"https:\/\/myftinia-shkoder.org\/index.php?rest_route=\/wp\/v2\/types\/attachment"}],"author":[{"embeddable":true,"href":"https:\/\/myftinia-shkoder.org\/index.php?rest_route=\/wp\/v2\/users\/1"}],"replies":[{"embeddable":true,"href":"https:\/\/myftinia-shkoder.org\/index.php?rest_route=%2Fwp%2Fv2%2Fcomments&post=16881"}],"wp:term":[{"taxonomy":"attachment_category","embeddable":true,"href":"https:\/\/myftinia-shkoder.org\/index.php?rest_route=%2Fwp%2Fv2%2Fattachment_category&post=16881"},{"taxonomy":"attachment_tag","embeddable":true,"href":"https:\/\/myftinia-shkoder.org\/index.php?rest_route=%2Fwp%2Fv2%2Fattachment_tag&post=16881"}],"wp:attached-to":[{"embeddable":true,"post_type":"post","id":16880,"href":"https:\/\/myftinia-shkoder.org\/index.php?rest_route=\/wp\/v2\/posts\/16880"}],"curies":[{"name":"wp","href":"https:\/\/api.w.org\/{rel}","templated":true}]}}

Myftiu i Shkodrës mori pjesë në pritjen e festës kombëtare të Shtetit të Kuvajtit (1)

<div class="mh-excerpt"><p>Myftiu i Shkodrës mori pjesë në pritjen e festës kombëtare të Shtetit të Kuvajtit <a class="mh-excerpt-more" href="https://myftinia-shkoder.org/?attachment_id=16881" title="Myftiu i Shkodrës mori pjesë në pritjen e festës kombëtare të Shtetit të Kuvajtit (1)">[&#8230;]</a></p>
</div>

Myftiu i Shkodrës mori pjesë në pritjen e festës kombëtare të Shtetit të Kuvajtit
