{"id":16950,"date":"2025-02-22T21:10:18","date_gmt":"2025-02-22T21:10:18","guid":{"rendered":"http:\/\/myftinia-shkoder.org\/wp-content\/uploads\/2025\/02\/Ramazani-ftese-e-perjetshme-tribune-fetare-ne-prag-te-Ramazanit-8.jpg"},"modified":"2025-02-22T21:10:18","modified_gmt":"2025-02-22T21:10:18","slug":"ramazani-ftese-e-perjetshme-tribune-fetare-ne-prag-te-ramazanit-8","status":"inherit","type":"attachment","link":"https:\/\/myftinia-shkoder.org\/?attachment_id=16950","title":{"rendered":"Ramazani, ftes\u00eb e p\u00ebrjetshme!\u201d, tribun\u00eb fetare n\u00eb prag t\u00eb Ramazanit"},"author":1,"featured_media":0,"comment_status":"closed","ping_status":"closed","template":"","meta":[],"attachment_category":[],"attachment_tag":[],"class_list":["post-16950","attachment","type-attachment","status-inherit","hentry"],"description":{"rendered":"<p class=\"attachment\"><a href='https:\/\/myftinia-shkoder.org\/wp-content\/uploads\/2025\/02\/Ramazani-ftese-e-perjetshme-tribune-fetare-ne-prag-te-Ramazanit-8.jpg'><img loading=\"lazy\" decoding=\"async\" width=\"300\" height=\"200\" src=\"https:\/\/myftinia-shkoder.org\/wp-content\/uploads\/2025\/02\/Ramazani-ftese-e-perjetshme-tribune-fetare-ne-prag-te-Ramazanit-8-300x200.jpg\" class=\"attachment-medium size-medium\" alt=\"\" srcset=\"https:\/\/myftinia-shkoder.org\/wp-content\/uploads\/2025\/02\/Ramazani-ftese-e-perjetshme-tribune-fetare-ne-prag-te-Ramazanit-8-300x200.jpg 300w, https:\/\/myftinia-shkoder.org\/wp-content\/uploads\/2025\/02\/Ramazani-ftese-e-perjetshme-tribune-fetare-ne-prag-te-Ramazanit-8-1024x683.jpg 1024w, https:\/\/myftinia-shkoder.org\/wp-content\/uploads\/2025\/02\/Ramazani-ftese-e-perjetshme-tribune-fetare-ne-prag-te-Ramazanit-8-768x512.jpg 768w, https:\/\/myftinia-shkoder.org\/wp-content\/uploads\/2025\/02\/Ramazani-ftese-e-perjetshme-tribune-fetare-ne-prag-te-Ramazanit-8-1536x1024.jpg 1536w, https:\/\/myftinia-shkoder.org\/wp-content\/uploads\/2025\/02\/Ramazani-ftese-e-perjetshme-tribune-fetare-ne-prag-te-Ramazanit-8.jpg 2048w\" sizes=\"auto, (max-width: 300px) 100vw, 300px\" \/><\/a><\/p>\n"},"caption":{"rendered":"<div class=\"mh-excerpt\"><p>Ramazani, ftes\u00eb e p\u00ebrjetshme!\u201d, tribun\u00eb fetare n\u00eb prag t\u00eb Ramazanit <a class=\"mh-excerpt-more\" href=\"https:\/\/myftinia-shkoder.org\/?attachment_id=16950\" title=\"Ramazani, ftes\u00eb e p\u00ebrjetshme!\u201d, tribun\u00eb fetare n\u00eb prag t\u00eb Ramazanit\">[&#8230;]<\/a><\/p>\n<\/div>"},"alt_text":"","media_type":"image","mime_type":"image\/jpeg","media_details":{"width":2048,"height":1365,"file":"2025\/02\/Ramazani-ftese-e-perjetshme-tribune-fetare-ne-prag-te-Ramazanit-8.jpg","filesize":942621,"sizes":{"medium":{"file":"Ramazani-ftese-e-perjetshme-tribune-fetare-ne-prag-te-Ramazanit-8-300x200.jpg","width":300,"height":200,"filesize":18988,"mime_type":"image\/jpeg","source_url":"https:\/\/myftinia-shkoder.org\/wp-content\/uploads\/2025\/02\/Ramazani-ftese-e-perjetshme-tribune-fetare-ne-prag-te-Ramazanit-8-300x200.jpg"},"large":{"file":"Ramazani-ftese-e-perjetshme-tribune-fetare-ne-prag-te-Ramazanit-8-1024x683.jpg","width":1024,"height":683,"filesize":170312,"mime_type":"image\/jpeg","source_url":"https:\/\/myftinia-shkoder.org\/wp-content\/uploads\/2025\/02\/Ramazani-ftese-e-perjetshme-tribune-fetare-ne-prag-te-Ramazanit-8-1024x683.jpg"},"thumbnail":{"file":"Ramazani-ftese-e-perjetshme-tribune-fetare-ne-prag-te-Ramazanit-8-150x150.jpg","width":150,"height":150,"filesize":7874,"mime_type":"image\/jpeg","source_url":"https:\/\/myftinia-shkoder.org\/wp-content\/uploads\/2025\/02\/Ramazani-ftese-e-perjetshme-tribune-fetare-ne-prag-te-Ramazanit-8-150x150.jpg"},"medium_large":{"file":"Ramazani-ftese-e-perjetshme-tribune-fetare-ne-prag-te-Ramazanit-8-768x512.jpg","width":768,"height":512,"filesize":101201,"mime_type":"image\/jpeg","source_url":"https:\/\/myftinia-shkoder.org\/wp-content\/uploads\/2025\/02\/Ramazani-ftese-e-perjetshme-tribune-fetare-ne-prag-te-Ramazanit-8-768x512.jpg"},"1536x1536":{"file":"Ramazani-ftese-e-perjetshme-tribune-fetare-ne-prag-te-Ramazanit-8-1536x1024.jpg","width":1536,"height":1024,"filesize":333443,"mime_type":"image\/jpeg","source_url":"https:\/\/myftinia-shkoder.org\/wp-content\/uploads\/2025\/02\/Ramazani-ftese-e-perjetshme-tribune-fetare-ne-prag-te-Ramazanit-8-1536x1024.jpg"},"mh-magazine-slider":{"file":"Ramazani-ftese-e-perjetshme-tribune-fetare-ne-prag-te-Ramazanit-8-1030x438.jpg","width":1030,"height":438,"filesize":111155,"mime_type":"image\/jpeg","source_url":"https:\/\/myftinia-shkoder.org\/wp-content\/uploads\/2025\/02\/Ramazani-ftese-e-perjetshme-tribune-fetare-ne-prag-te-Ramazanit-8-1030x438.jpg"},"mh-magazine-content":{"file":"Ramazani-ftese-e-perjetshme-tribune-fetare-ne-prag-te-Ramazanit-8-678x381.jpg","width":678,"height":381,"filesize":69967,"mime_type":"image\/jpeg","source_url":"https:\/\/myftinia-shkoder.org\/wp-content\/uploads\/2025\/02\/Ramazani-ftese-e-perjetshme-tribune-fetare-ne-prag-te-Ramazanit-8-678x381.jpg"},"mh-magazine-large":{"file":"Ramazani-ftese-e-perjetshme-tribune-fetare-ne-prag-te-Ramazanit-8-678x509.jpg","width":678,"height":509,"filesize":90218,"mime_type":"image\/jpeg","source_url":"https:\/\/myftinia-shkoder.org\/wp-content\/uploads\/2025\/02\/Ramazani-ftese-e-perjetshme-tribune-fetare-ne-prag-te-Ramazanit-8-678x509.jpg"},"mh-magazine-medium":{"file":"Ramazani-ftese-e-perjetshme-tribune-fetare-ne-prag-te-Ramazanit-8-326x245.jpg","width":326,"height":245,"filesize":24852,"mime_type":"image\/jpeg","source_url":"https:\/\/myftinia-shkoder.org\/wp-content\/uploads\/2025\/02\/Ramazani-ftese-e-perjetshme-tribune-fetare-ne-prag-te-Ramazanit-8-326x245.jpg"},"mh-magazine-small":{"file":"Ramazani-ftese-e-perjetshme-tribune-fetare-ne-prag-te-Ramazanit-8-80x60.jpg","width":80,"height":60,"filesize":2439,"mime_type":"image\/jpeg","source_url":"https:\/\/myftinia-shkoder.org\/wp-content\/uploads\/2025\/02\/Ramazani-ftese-e-perjetshme-tribune-fetare-ne-prag-te-Ramazanit-8-80x60.jpg"},"full":{"file":"Ramazani-ftese-e-perjetshme-tribune-fetare-ne-prag-te-Ramazanit-8.jpg","width":2048,"height":1365,"mime_type":"image\/jpeg","source_url":"https:\/\/myftinia-shkoder.org\/wp-content\/uploads\/2025\/02\/Ramazani-ftese-e-perjetshme-tribune-fetare-ne-prag-te-Ramazanit-8.jpg"}},"image_meta":{"aperture":"0","credit":"","camera":"","caption":"Ramazani, ftes\u00eb e p\u00ebrjetshme!\u201d, tribun\u00eb fetare n\u00eb prag t\u00eb Ramazanit","created_timestamp":"0","copyright":"","focal_length":"0","iso":"0","shutter_speed":"0","title":"Ramazani, ftes\u00eb e p\u00ebrjetshme!\u201d, tribun\u00eb fetare n\u00eb prag t\u00eb Ramazanit","orientation":"0","keywords":[]}},"post":16941,"source_url":"https:\/\/myftinia-shkoder.org\/wp-content\/uploads\/2025\/02\/Ramazani-ftese-e-perjetshme-tribune-fetare-ne-prag-te-Ramazanit-8.jpg","_links":{"self":[{"href":"https:\/\/myftinia-shkoder.org\/index.php?rest_route=\/wp\/v2\/media\/16950","targetHints":{"allow":["GET"]}}],"collection":[{"href":"https:\/\/myftinia-shkoder.org\/index.php?rest_route=\/wp\/v2\/media"}],"about":[{"href":"https:\/\/myftinia-shkoder.org\/index.php?rest_route=\/wp\/v2\/types\/attachment"}],"author":[{"embeddable":true,"href":"https:\/\/myftinia-shkoder.org\/index.php?rest_route=\/wp\/v2\/users\/1"}],"replies":[{"embeddable":true,"href":"https:\/\/myftinia-shkoder.org\/index.php?rest_route=%2Fwp%2Fv2%2Fcomments&post=16950"}],"wp:term":[{"taxonomy":"attachment_category","embeddable":true,"href":"https:\/\/myftinia-shkoder.org\/index.php?rest_route=%2Fwp%2Fv2%2Fattachment_category&post=16950"},{"taxonomy":"attachment_tag","embeddable":true,"href":"https:\/\/myftinia-shkoder.org\/index.php?rest_route=%2Fwp%2Fv2%2Fattachment_tag&post=16950"}],"wp:attached-to":[{"embeddable":true,"post_type":"post","id":16941,"href":"https:\/\/myftinia-shkoder.org\/index.php?rest_route=\/wp\/v2\/posts\/16941"}],"curies":[{"name":"wp","href":"https:\/\/api.w.org\/{rel}","templated":true}]}}

Ramazani, ftesë e përjetshme!”, tribunë fetare në prag të Ramazanit

<div class="mh-excerpt"><p>Ramazani, ftesë e përjetshme!”, tribunë fetare në prag të Ramazanit <a class="mh-excerpt-more" href="https://myftinia-shkoder.org/?attachment_id=16950" title="Ramazani, ftesë e përjetshme!”, tribunë fetare në prag të Ramazanit">[&#8230;]</a></p>
</div>
