{"id":16981,"date":"2025-02-24T20:56:04","date_gmt":"2025-02-24T20:56:04","guid":{"rendered":"http:\/\/myftinia-shkoder.org\/wp-content\/uploads\/2025\/02\/Takim-me-imamet-dhe-muezinet-ne-prag-te-muajit-te-Begate-te-Ramazanit-14462025-1.jpg"},"modified":"2025-02-24T20:56:04","modified_gmt":"2025-02-24T20:56:04","slug":"takim-me-imamet-dhe-muezinet-ne-prag-te-muajit-te-begate-te-ramazanit-14462025-1","status":"inherit","type":"attachment","link":"https:\/\/myftinia-shkoder.org\/?attachment_id=16981","title":{"rendered":"Takim me imam\u00ebt dhe muezin\u00ebt n\u00eb prag t\u00eb muajit t\u00eb Begat\u00eb t\u00eb Ramazanit 14462025 (1)"},"author":1,"featured_media":0,"comment_status":"closed","ping_status":"closed","template":"","meta":[],"attachment_category":[],"attachment_tag":[],"class_list":["post-16981","attachment","type-attachment","status-inherit","hentry"],"description":{"rendered":"<p class=\"attachment\"><a href='https:\/\/myftinia-shkoder.org\/wp-content\/uploads\/2025\/02\/Takim-me-imamet-dhe-muezinet-ne-prag-te-muajit-te-Begate-te-Ramazanit-14462025-1.jpg'><img loading=\"lazy\" decoding=\"async\" width=\"300\" height=\"225\" src=\"https:\/\/myftinia-shkoder.org\/wp-content\/uploads\/2025\/02\/Takim-me-imamet-dhe-muezinet-ne-prag-te-muajit-te-Begate-te-Ramazanit-14462025-1-300x225.jpg\" class=\"attachment-medium size-medium\" alt=\"\" srcset=\"https:\/\/myftinia-shkoder.org\/wp-content\/uploads\/2025\/02\/Takim-me-imamet-dhe-muezinet-ne-prag-te-muajit-te-Begate-te-Ramazanit-14462025-1-300x225.jpg 300w, https:\/\/myftinia-shkoder.org\/wp-content\/uploads\/2025\/02\/Takim-me-imamet-dhe-muezinet-ne-prag-te-muajit-te-Begate-te-Ramazanit-14462025-1-1024x768.jpg 1024w, https:\/\/myftinia-shkoder.org\/wp-content\/uploads\/2025\/02\/Takim-me-imamet-dhe-muezinet-ne-prag-te-muajit-te-Begate-te-Ramazanit-14462025-1-768x576.jpg 768w, https:\/\/myftinia-shkoder.org\/wp-content\/uploads\/2025\/02\/Takim-me-imamet-dhe-muezinet-ne-prag-te-muajit-te-Begate-te-Ramazanit-14462025-1-678x509.jpg 678w, https:\/\/myftinia-shkoder.org\/wp-content\/uploads\/2025\/02\/Takim-me-imamet-dhe-muezinet-ne-prag-te-muajit-te-Begate-te-Ramazanit-14462025-1-326x245.jpg 326w, https:\/\/myftinia-shkoder.org\/wp-content\/uploads\/2025\/02\/Takim-me-imamet-dhe-muezinet-ne-prag-te-muajit-te-Begate-te-Ramazanit-14462025-1-80x60.jpg 80w, https:\/\/myftinia-shkoder.org\/wp-content\/uploads\/2025\/02\/Takim-me-imamet-dhe-muezinet-ne-prag-te-muajit-te-Begate-te-Ramazanit-14462025-1.jpg 1280w\" sizes=\"auto, (max-width: 300px) 100vw, 300px\" \/><\/a><\/p>\n"},"caption":{"rendered":"<div class=\"mh-excerpt\"><p>Takim me imam\u00ebt dhe muezin\u00ebt n\u00eb prag t\u00eb muajit t\u00eb Begat\u00eb t\u00eb Ramazanit 1446\/2025 <a class=\"mh-excerpt-more\" href=\"https:\/\/myftinia-shkoder.org\/?attachment_id=16981\" title=\"Takim me imam\u00ebt dhe muezin\u00ebt n\u00eb prag t\u00eb muajit t\u00eb Begat\u00eb t\u00eb Ramazanit 14462025 (1)\">[&#8230;]<\/a><\/p>\n<\/div>"},"alt_text":"","media_type":"image","mime_type":"image\/jpeg","media_details":{"width":1280,"height":960,"file":"2025\/02\/Takim-me-imamet-dhe-muezinet-ne-prag-te-muajit-te-Begate-te-Ramazanit-14462025-1.jpg","filesize":137673,"sizes":{"medium":{"file":"Takim-me-imamet-dhe-muezinet-ne-prag-te-muajit-te-Begate-te-Ramazanit-14462025-1-300x225.jpg","width":300,"height":225,"filesize":13307,"mime_type":"image\/jpeg","source_url":"https:\/\/myftinia-shkoder.org\/wp-content\/uploads\/2025\/02\/Takim-me-imamet-dhe-muezinet-ne-prag-te-muajit-te-Begate-te-Ramazanit-14462025-1-300x225.jpg"},"large":{"file":"Takim-me-imamet-dhe-muezinet-ne-prag-te-muajit-te-Begate-te-Ramazanit-14462025-1-1024x768.jpg","width":1024,"height":768,"filesize":104822,"mime_type":"image\/jpeg","source_url":"https:\/\/myftinia-shkoder.org\/wp-content\/uploads\/2025\/02\/Takim-me-imamet-dhe-muezinet-ne-prag-te-muajit-te-Begate-te-Ramazanit-14462025-1-1024x768.jpg"},"thumbnail":{"file":"Takim-me-imamet-dhe-muezinet-ne-prag-te-muajit-te-Begate-te-Ramazanit-14462025-1-150x150.jpg","width":150,"height":150,"filesize":5624,"mime_type":"image\/jpeg","source_url":"https:\/\/myftinia-shkoder.org\/wp-content\/uploads\/2025\/02\/Takim-me-imamet-dhe-muezinet-ne-prag-te-muajit-te-Begate-te-Ramazanit-14462025-1-150x150.jpg"},"medium_large":{"file":"Takim-me-imamet-dhe-muezinet-ne-prag-te-muajit-te-Begate-te-Ramazanit-14462025-1-768x576.jpg","width":768,"height":576,"filesize":64361,"mime_type":"image\/jpeg","source_url":"https:\/\/myftinia-shkoder.org\/wp-content\/uploads\/2025\/02\/Takim-me-imamet-dhe-muezinet-ne-prag-te-muajit-te-Begate-te-Ramazanit-14462025-1-768x576.jpg"},"mh-magazine-slider":{"file":"Takim-me-imamet-dhe-muezinet-ne-prag-te-muajit-te-Begate-te-Ramazanit-14462025-1-1030x438.jpg","width":1030,"height":438,"filesize":65688,"mime_type":"image\/jpeg","source_url":"https:\/\/myftinia-shkoder.org\/wp-content\/uploads\/2025\/02\/Takim-me-imamet-dhe-muezinet-ne-prag-te-muajit-te-Begate-te-Ramazanit-14462025-1-1030x438.jpg"},"mh-magazine-content":{"file":"Takim-me-imamet-dhe-muezinet-ne-prag-te-muajit-te-Begate-te-Ramazanit-14462025-1-678x381.jpg","width":678,"height":381,"filesize":41678,"mime_type":"image\/jpeg","source_url":"https:\/\/myftinia-shkoder.org\/wp-content\/uploads\/2025\/02\/Takim-me-imamet-dhe-muezinet-ne-prag-te-muajit-te-Begate-te-Ramazanit-14462025-1-678x381.jpg"},"mh-magazine-large":{"file":"Takim-me-imamet-dhe-muezinet-ne-prag-te-muajit-te-Begate-te-Ramazanit-14462025-1-678x509.jpg","width":678,"height":509,"filesize":52049,"mime_type":"image\/jpeg","source_url":"https:\/\/myftinia-shkoder.org\/wp-content\/uploads\/2025\/02\/Takim-me-imamet-dhe-muezinet-ne-prag-te-muajit-te-Begate-te-Ramazanit-14462025-1-678x509.jpg"},"mh-magazine-medium":{"file":"Takim-me-imamet-dhe-muezinet-ne-prag-te-muajit-te-Begate-te-Ramazanit-14462025-1-326x245.jpg","width":326,"height":245,"filesize":15272,"mime_type":"image\/jpeg","source_url":"https:\/\/myftinia-shkoder.org\/wp-content\/uploads\/2025\/02\/Takim-me-imamet-dhe-muezinet-ne-prag-te-muajit-te-Begate-te-Ramazanit-14462025-1-326x245.jpg"},"mh-magazine-small":{"file":"Takim-me-imamet-dhe-muezinet-ne-prag-te-muajit-te-Begate-te-Ramazanit-14462025-1-80x60.jpg","width":80,"height":60,"filesize":2079,"mime_type":"image\/jpeg","source_url":"https:\/\/myftinia-shkoder.org\/wp-content\/uploads\/2025\/02\/Takim-me-imamet-dhe-muezinet-ne-prag-te-muajit-te-Begate-te-Ramazanit-14462025-1-80x60.jpg"},"full":{"file":"Takim-me-imamet-dhe-muezinet-ne-prag-te-muajit-te-Begate-te-Ramazanit-14462025-1.jpg","width":1280,"height":960,"mime_type":"image\/jpeg","source_url":"https:\/\/myftinia-shkoder.org\/wp-content\/uploads\/2025\/02\/Takim-me-imamet-dhe-muezinet-ne-prag-te-muajit-te-Begate-te-Ramazanit-14462025-1.jpg"}},"image_meta":{"aperture":"0","credit":"","camera":"","caption":"Takim me imam\u00ebt dhe muezin\u00ebt n\u00eb prag t\u00eb muajit t\u00eb Begat\u00eb t\u00eb Ramazanit 1446\/2025","created_timestamp":"0","copyright":"","focal_length":"0","iso":"0","shutter_speed":"0","title":"","orientation":"0","keywords":[]}},"post":16980,"source_url":"https:\/\/myftinia-shkoder.org\/wp-content\/uploads\/2025\/02\/Takim-me-imamet-dhe-muezinet-ne-prag-te-muajit-te-Begate-te-Ramazanit-14462025-1.jpg","_links":{"self":[{"href":"https:\/\/myftinia-shkoder.org\/index.php?rest_route=\/wp\/v2\/media\/16981","targetHints":{"allow":["GET"]}}],"collection":[{"href":"https:\/\/myftinia-shkoder.org\/index.php?rest_route=\/wp\/v2\/media"}],"about":[{"href":"https:\/\/myftinia-shkoder.org\/index.php?rest_route=\/wp\/v2\/types\/attachment"}],"author":[{"embeddable":true,"href":"https:\/\/myftinia-shkoder.org\/index.php?rest_route=\/wp\/v2\/users\/1"}],"replies":[{"embeddable":true,"href":"https:\/\/myftinia-shkoder.org\/index.php?rest_route=%2Fwp%2Fv2%2Fcomments&post=16981"}],"wp:term":[{"taxonomy":"attachment_category","embeddable":true,"href":"https:\/\/myftinia-shkoder.org\/index.php?rest_route=%2Fwp%2Fv2%2Fattachment_category&post=16981"},{"taxonomy":"attachment_tag","embeddable":true,"href":"https:\/\/myftinia-shkoder.org\/index.php?rest_route=%2Fwp%2Fv2%2Fattachment_tag&post=16981"}],"wp:attached-to":[{"embeddable":true,"post_type":"post","id":16980,"href":"https:\/\/myftinia-shkoder.org\/index.php?rest_route=\/wp\/v2\/posts\/16980"}],"curies":[{"name":"wp","href":"https:\/\/api.w.org\/{rel}","templated":true}]}}

Takim me imamët dhe muezinët në prag të muajit të Begatë të Ramazanit 14462025 (1)

<div class="mh-excerpt"><p>Takim me imamët dhe muezinët në prag të muajit të Begatë të Ramazanit 1446/2025 <a class="mh-excerpt-more" href="https://myftinia-shkoder.org/?attachment_id=16981" title="Takim me imamët dhe muezinët në prag të muajit të Begatë të Ramazanit 14462025 (1)">[&#8230;]</a></p>
</div>

Takim me imamët dhe muezinët në prag të muajit të Begatë të Ramazanit 1446/2025
