{"id":16990,"date":"2025-02-26T12:31:45","date_gmt":"2025-02-26T12:31:45","guid":{"rendered":"http:\/\/myftinia-shkoder.org\/wp-content\/uploads\/2025\/02\/Veprimtari-humanitare-ne-prag-te-muajit-te-begate-te-Ramazanit-4.jpg"},"modified":"2025-02-26T12:31:45","modified_gmt":"2025-02-26T12:31:45","slug":"veprimtari-humanitare-ne-prag-te-muajit-te-begate-te-ramazanit-2","status":"inherit","type":"attachment","link":"https:\/\/myftinia-shkoder.org\/?attachment_id=16990","title":{"rendered":"Veprimtari humanitare n\u00eb prag t\u00eb muajit t\u00eb begat\u00eb t\u00eb Ramazanit"},"author":1,"featured_media":0,"comment_status":"closed","ping_status":"closed","template":"","meta":[],"attachment_category":[],"attachment_tag":[],"class_list":["post-16990","attachment","type-attachment","status-inherit","hentry"],"description":{"rendered":"<p class=\"attachment\"><a href='https:\/\/myftinia-shkoder.org\/wp-content\/uploads\/2025\/02\/Veprimtari-humanitare-ne-prag-te-muajit-te-begate-te-Ramazanit-4.jpg'><img loading=\"lazy\" decoding=\"async\" width=\"300\" height=\"169\" src=\"https:\/\/myftinia-shkoder.org\/wp-content\/uploads\/2025\/02\/Veprimtari-humanitare-ne-prag-te-muajit-te-begate-te-Ramazanit-4-300x169.jpg\" class=\"attachment-medium size-medium\" alt=\"\" srcset=\"https:\/\/myftinia-shkoder.org\/wp-content\/uploads\/2025\/02\/Veprimtari-humanitare-ne-prag-te-muajit-te-begate-te-Ramazanit-4-300x169.jpg 300w, https:\/\/myftinia-shkoder.org\/wp-content\/uploads\/2025\/02\/Veprimtari-humanitare-ne-prag-te-muajit-te-begate-te-Ramazanit-4-1024x577.jpg 1024w, https:\/\/myftinia-shkoder.org\/wp-content\/uploads\/2025\/02\/Veprimtari-humanitare-ne-prag-te-muajit-te-begate-te-Ramazanit-4-768x432.jpg 768w, https:\/\/myftinia-shkoder.org\/wp-content\/uploads\/2025\/02\/Veprimtari-humanitare-ne-prag-te-muajit-te-begate-te-Ramazanit-4-1536x865.jpg 1536w, https:\/\/myftinia-shkoder.org\/wp-content\/uploads\/2025\/02\/Veprimtari-humanitare-ne-prag-te-muajit-te-begate-te-Ramazanit-4-678x381.jpg 678w, https:\/\/myftinia-shkoder.org\/wp-content\/uploads\/2025\/02\/Veprimtari-humanitare-ne-prag-te-muajit-te-begate-te-Ramazanit-4.jpg 1600w\" sizes=\"auto, (max-width: 300px) 100vw, 300px\" \/><\/a><\/p>\n"},"caption":{"rendered":"<div class=\"mh-excerpt\"><p>Veprimtari humanitare n\u00eb prag t\u00eb muajit t\u00eb begat\u00eb t\u00eb Ramazanit <a class=\"mh-excerpt-more\" href=\"https:\/\/myftinia-shkoder.org\/?attachment_id=16990\" title=\"Veprimtari humanitare n\u00eb prag t\u00eb muajit t\u00eb begat\u00eb t\u00eb Ramazanit\">[&#8230;]<\/a><\/p>\n<\/div>"},"alt_text":"","media_type":"image","mime_type":"image\/jpeg","media_details":{"width":1600,"height":901,"file":"2025\/02\/Veprimtari-humanitare-ne-prag-te-muajit-te-begate-te-Ramazanit-4.jpg","filesize":224445,"sizes":{"medium":{"file":"Veprimtari-humanitare-ne-prag-te-muajit-te-begate-te-Ramazanit-4-300x169.jpg","width":300,"height":169,"filesize":15656,"mime_type":"image\/jpeg","source_url":"https:\/\/myftinia-shkoder.org\/wp-content\/uploads\/2025\/02\/Veprimtari-humanitare-ne-prag-te-muajit-te-begate-te-Ramazanit-4-300x169.jpg"},"large":{"file":"Veprimtari-humanitare-ne-prag-te-muajit-te-begate-te-Ramazanit-4-1024x577.jpg","width":1024,"height":577,"filesize":120878,"mime_type":"image\/jpeg","source_url":"https:\/\/myftinia-shkoder.org\/wp-content\/uploads\/2025\/02\/Veprimtari-humanitare-ne-prag-te-muajit-te-begate-te-Ramazanit-4-1024x577.jpg"},"thumbnail":{"file":"Veprimtari-humanitare-ne-prag-te-muajit-te-begate-te-Ramazanit-4-150x150.jpg","width":150,"height":150,"filesize":8186,"mime_type":"image\/jpeg","source_url":"https:\/\/myftinia-shkoder.org\/wp-content\/uploads\/2025\/02\/Veprimtari-humanitare-ne-prag-te-muajit-te-begate-te-Ramazanit-4-150x150.jpg"},"medium_large":{"file":"Veprimtari-humanitare-ne-prag-te-muajit-te-begate-te-Ramazanit-4-768x432.jpg","width":768,"height":432,"filesize":75407,"mime_type":"image\/jpeg","source_url":"https:\/\/myftinia-shkoder.org\/wp-content\/uploads\/2025\/02\/Veprimtari-humanitare-ne-prag-te-muajit-te-begate-te-Ramazanit-4-768x432.jpg"},"1536x1536":{"file":"Veprimtari-humanitare-ne-prag-te-muajit-te-begate-te-Ramazanit-4-1536x865.jpg","width":1536,"height":865,"filesize":227322,"mime_type":"image\/jpeg","source_url":"https:\/\/myftinia-shkoder.org\/wp-content\/uploads\/2025\/02\/Veprimtari-humanitare-ne-prag-te-muajit-te-begate-te-Ramazanit-4-1536x865.jpg"},"mh-magazine-slider":{"file":"Veprimtari-humanitare-ne-prag-te-muajit-te-begate-te-Ramazanit-4-1030x438.jpg","width":1030,"height":438,"filesize":92034,"mime_type":"image\/jpeg","source_url":"https:\/\/myftinia-shkoder.org\/wp-content\/uploads\/2025\/02\/Veprimtari-humanitare-ne-prag-te-muajit-te-begate-te-Ramazanit-4-1030x438.jpg"},"mh-magazine-content":{"file":"Veprimtari-humanitare-ne-prag-te-muajit-te-begate-te-Ramazanit-4-678x381.jpg","width":678,"height":381,"filesize":61301,"mime_type":"image\/jpeg","source_url":"https:\/\/myftinia-shkoder.org\/wp-content\/uploads\/2025\/02\/Veprimtari-humanitare-ne-prag-te-muajit-te-begate-te-Ramazanit-4-678x381.jpg"},"mh-magazine-large":{"file":"Veprimtari-humanitare-ne-prag-te-muajit-te-begate-te-Ramazanit-4-678x509.jpg","width":678,"height":509,"filesize":74560,"mime_type":"image\/jpeg","source_url":"https:\/\/myftinia-shkoder.org\/wp-content\/uploads\/2025\/02\/Veprimtari-humanitare-ne-prag-te-muajit-te-begate-te-Ramazanit-4-678x509.jpg"},"mh-magazine-medium":{"file":"Veprimtari-humanitare-ne-prag-te-muajit-te-begate-te-Ramazanit-4-326x245.jpg","width":326,"height":245,"filesize":22342,"mime_type":"image\/jpeg","source_url":"https:\/\/myftinia-shkoder.org\/wp-content\/uploads\/2025\/02\/Veprimtari-humanitare-ne-prag-te-muajit-te-begate-te-Ramazanit-4-326x245.jpg"},"mh-magazine-small":{"file":"Veprimtari-humanitare-ne-prag-te-muajit-te-begate-te-Ramazanit-4-80x60.jpg","width":80,"height":60,"filesize":2735,"mime_type":"image\/jpeg","source_url":"https:\/\/myftinia-shkoder.org\/wp-content\/uploads\/2025\/02\/Veprimtari-humanitare-ne-prag-te-muajit-te-begate-te-Ramazanit-4-80x60.jpg"},"full":{"file":"Veprimtari-humanitare-ne-prag-te-muajit-te-begate-te-Ramazanit-4.jpg","width":1600,"height":901,"mime_type":"image\/jpeg","source_url":"https:\/\/myftinia-shkoder.org\/wp-content\/uploads\/2025\/02\/Veprimtari-humanitare-ne-prag-te-muajit-te-begate-te-Ramazanit-4.jpg"}},"image_meta":{"aperture":"0","credit":"","camera":"","caption":"Veprimtari humanitare n\u00eb prag t\u00eb muajit t\u00eb begat\u00eb t\u00eb Ramazanit","created_timestamp":"0","copyright":"","focal_length":"0","iso":"0","shutter_speed":"0","title":"Veprimtari humanitare n\u00eb prag t\u00eb muajit t\u00eb begat\u00eb t\u00eb Ramazanit","orientation":"0","keywords":[]}},"post":16988,"source_url":"https:\/\/myftinia-shkoder.org\/wp-content\/uploads\/2025\/02\/Veprimtari-humanitare-ne-prag-te-muajit-te-begate-te-Ramazanit-4.jpg","_links":{"self":[{"href":"https:\/\/myftinia-shkoder.org\/index.php?rest_route=\/wp\/v2\/media\/16990","targetHints":{"allow":["GET"]}}],"collection":[{"href":"https:\/\/myftinia-shkoder.org\/index.php?rest_route=\/wp\/v2\/media"}],"about":[{"href":"https:\/\/myftinia-shkoder.org\/index.php?rest_route=\/wp\/v2\/types\/attachment"}],"author":[{"embeddable":true,"href":"https:\/\/myftinia-shkoder.org\/index.php?rest_route=\/wp\/v2\/users\/1"}],"replies":[{"embeddable":true,"href":"https:\/\/myftinia-shkoder.org\/index.php?rest_route=%2Fwp%2Fv2%2Fcomments&post=16990"}],"wp:term":[{"taxonomy":"attachment_category","embeddable":true,"href":"https:\/\/myftinia-shkoder.org\/index.php?rest_route=%2Fwp%2Fv2%2Fattachment_category&post=16990"},{"taxonomy":"attachment_tag","embeddable":true,"href":"https:\/\/myftinia-shkoder.org\/index.php?rest_route=%2Fwp%2Fv2%2Fattachment_tag&post=16990"}],"wp:attached-to":[{"embeddable":true,"post_type":"post","id":16988,"href":"https:\/\/myftinia-shkoder.org\/index.php?rest_route=\/wp\/v2\/posts\/16988"}],"curies":[{"name":"wp","href":"https:\/\/api.w.org\/{rel}","templated":true}]}}

Veprimtari humanitare në prag të muajit të begatë të Ramazanit

<div class="mh-excerpt"><p>Veprimtari humanitare në prag të muajit të begatë të Ramazanit <a class="mh-excerpt-more" href="https://myftinia-shkoder.org/?attachment_id=16990" title="Veprimtari humanitare në prag të muajit të begatë të Ramazanit">[&#8230;]</a></p>
</div>
