{"id":17473,"date":"2025-03-30T08:31:45","date_gmt":"2025-03-30T08:31:45","guid":{"rendered":"http:\/\/myftinia-shkoder.org\/wp-content\/uploads\/2025\/03\/Falja-e-Fiter-Bajramit-deshmi-e-tabanit-dhe-e-tradites-islame-ne-Shkoder-23.jpg"},"modified":"2025-03-30T08:31:45","modified_gmt":"2025-03-30T08:31:45","slug":"falja-e-fiter-bajramit-deshmi-e-tabanit-dhe-e-tradites-islame-ne-shkoder-23","status":"inherit","type":"attachment","link":"https:\/\/myftinia-shkoder.org\/?attachment_id=17473","title":{"rendered":"Falja e Fit\u00ebr Bajramit d\u00ebshmi e tabanit dhe e tradit\u00ebs islame n\u00eb Shkod\u00ebr (23)"},"author":1,"featured_media":0,"comment_status":"closed","ping_status":"closed","template":"","meta":[],"attachment_category":[],"attachment_tag":[],"class_list":["post-17473","attachment","type-attachment","status-inherit","hentry"],"description":{"rendered":"<p class=\"attachment\"><a href='https:\/\/myftinia-shkoder.org\/wp-content\/uploads\/2025\/03\/Falja-e-Fiter-Bajramit-deshmi-e-tabanit-dhe-e-tradites-islame-ne-Shkoder-23.jpg'><img loading=\"lazy\" decoding=\"async\" width=\"300\" height=\"200\" src=\"https:\/\/myftinia-shkoder.org\/wp-content\/uploads\/2025\/03\/Falja-e-Fiter-Bajramit-deshmi-e-tabanit-dhe-e-tradites-islame-ne-Shkoder-23-300x200.jpg\" class=\"attachment-medium size-medium\" alt=\"\" srcset=\"https:\/\/myftinia-shkoder.org\/wp-content\/uploads\/2025\/03\/Falja-e-Fiter-Bajramit-deshmi-e-tabanit-dhe-e-tradites-islame-ne-Shkoder-23-300x200.jpg 300w, https:\/\/myftinia-shkoder.org\/wp-content\/uploads\/2025\/03\/Falja-e-Fiter-Bajramit-deshmi-e-tabanit-dhe-e-tradites-islame-ne-Shkoder-23-1024x683.jpg 1024w, https:\/\/myftinia-shkoder.org\/wp-content\/uploads\/2025\/03\/Falja-e-Fiter-Bajramit-deshmi-e-tabanit-dhe-e-tradites-islame-ne-Shkoder-23-768x512.jpg 768w, https:\/\/myftinia-shkoder.org\/wp-content\/uploads\/2025\/03\/Falja-e-Fiter-Bajramit-deshmi-e-tabanit-dhe-e-tradites-islame-ne-Shkoder-23-1536x1024.jpg 1536w, https:\/\/myftinia-shkoder.org\/wp-content\/uploads\/2025\/03\/Falja-e-Fiter-Bajramit-deshmi-e-tabanit-dhe-e-tradites-islame-ne-Shkoder-23.jpg 2048w\" sizes=\"auto, (max-width: 300px) 100vw, 300px\" \/><\/a><\/p>\n"},"caption":{"rendered":"<div class=\"mh-excerpt\"><p>Falja e Fit\u00ebr Bajramit d\u00ebshmi e tabanit dhe e tradit\u00ebs islame n\u00eb Shkod\u00ebr | 2025 <a class=\"mh-excerpt-more\" href=\"https:\/\/myftinia-shkoder.org\/?attachment_id=17473\" title=\"Falja e Fit\u00ebr Bajramit d\u00ebshmi e tabanit dhe e tradit\u00ebs islame n\u00eb Shkod\u00ebr (23)\">[&#8230;]<\/a><\/p>\n<\/div>"},"alt_text":"","media_type":"image","mime_type":"image\/jpeg","media_details":{"width":2048,"height":1365,"file":"2025\/03\/Falja-e-Fiter-Bajramit-deshmi-e-tabanit-dhe-e-tradites-islame-ne-Shkoder-23.jpg","filesize":508658,"sizes":{"medium":{"file":"Falja-e-Fiter-Bajramit-deshmi-e-tabanit-dhe-e-tradites-islame-ne-Shkoder-23-300x200.jpg","width":300,"height":200,"filesize":18488,"mime_type":"image\/jpeg","source_url":"https:\/\/myftinia-shkoder.org\/wp-content\/uploads\/2025\/03\/Falja-e-Fiter-Bajramit-deshmi-e-tabanit-dhe-e-tradites-islame-ne-Shkoder-23-300x200.jpg"},"large":{"file":"Falja-e-Fiter-Bajramit-deshmi-e-tabanit-dhe-e-tradites-islame-ne-Shkoder-23-1024x683.jpg","width":1024,"height":683,"filesize":117405,"mime_type":"image\/jpeg","source_url":"https:\/\/myftinia-shkoder.org\/wp-content\/uploads\/2025\/03\/Falja-e-Fiter-Bajramit-deshmi-e-tabanit-dhe-e-tradites-islame-ne-Shkoder-23-1024x683.jpg"},"thumbnail":{"file":"Falja-e-Fiter-Bajramit-deshmi-e-tabanit-dhe-e-tradites-islame-ne-Shkoder-23-150x150.jpg","width":150,"height":150,"filesize":8106,"mime_type":"image\/jpeg","source_url":"https:\/\/myftinia-shkoder.org\/wp-content\/uploads\/2025\/03\/Falja-e-Fiter-Bajramit-deshmi-e-tabanit-dhe-e-tradites-islame-ne-Shkoder-23-150x150.jpg"},"medium_large":{"file":"Falja-e-Fiter-Bajramit-deshmi-e-tabanit-dhe-e-tradites-islame-ne-Shkoder-23-768x512.jpg","width":768,"height":512,"filesize":75793,"mime_type":"image\/jpeg","source_url":"https:\/\/myftinia-shkoder.org\/wp-content\/uploads\/2025\/03\/Falja-e-Fiter-Bajramit-deshmi-e-tabanit-dhe-e-tradites-islame-ne-Shkoder-23-768x512.jpg"},"1536x1536":{"file":"Falja-e-Fiter-Bajramit-deshmi-e-tabanit-dhe-e-tradites-islame-ne-Shkoder-23-1536x1024.jpg","width":1536,"height":1024,"filesize":211609,"mime_type":"image\/jpeg","source_url":"https:\/\/myftinia-shkoder.org\/wp-content\/uploads\/2025\/03\/Falja-e-Fiter-Bajramit-deshmi-e-tabanit-dhe-e-tradites-islame-ne-Shkoder-23-1536x1024.jpg"},"mh-magazine-slider":{"file":"Falja-e-Fiter-Bajramit-deshmi-e-tabanit-dhe-e-tradites-islame-ne-Shkoder-23-1030x438.jpg","width":1030,"height":438,"filesize":90742,"mime_type":"image\/jpeg","source_url":"https:\/\/myftinia-shkoder.org\/wp-content\/uploads\/2025\/03\/Falja-e-Fiter-Bajramit-deshmi-e-tabanit-dhe-e-tradites-islame-ne-Shkoder-23-1030x438.jpg"},"mh-magazine-content":{"file":"Falja-e-Fiter-Bajramit-deshmi-e-tabanit-dhe-e-tradites-islame-ne-Shkoder-23-678x381.jpg","width":678,"height":381,"filesize":57562,"mime_type":"image\/jpeg","source_url":"https:\/\/myftinia-shkoder.org\/wp-content\/uploads\/2025\/03\/Falja-e-Fiter-Bajramit-deshmi-e-tabanit-dhe-e-tradites-islame-ne-Shkoder-23-678x381.jpg"},"mh-magazine-large":{"file":"Falja-e-Fiter-Bajramit-deshmi-e-tabanit-dhe-e-tradites-islame-ne-Shkoder-23-678x509.jpg","width":678,"height":509,"filesize":68103,"mime_type":"image\/jpeg","source_url":"https:\/\/myftinia-shkoder.org\/wp-content\/uploads\/2025\/03\/Falja-e-Fiter-Bajramit-deshmi-e-tabanit-dhe-e-tradites-islame-ne-Shkoder-23-678x509.jpg"},"mh-magazine-medium":{"file":"Falja-e-Fiter-Bajramit-deshmi-e-tabanit-dhe-e-tradites-islame-ne-Shkoder-23-326x245.jpg","width":326,"height":245,"filesize":22565,"mime_type":"image\/jpeg","source_url":"https:\/\/myftinia-shkoder.org\/wp-content\/uploads\/2025\/03\/Falja-e-Fiter-Bajramit-deshmi-e-tabanit-dhe-e-tradites-islame-ne-Shkoder-23-326x245.jpg"},"mh-magazine-small":{"file":"Falja-e-Fiter-Bajramit-deshmi-e-tabanit-dhe-e-tradites-islame-ne-Shkoder-23-80x60.jpg","width":80,"height":60,"filesize":2746,"mime_type":"image\/jpeg","source_url":"https:\/\/myftinia-shkoder.org\/wp-content\/uploads\/2025\/03\/Falja-e-Fiter-Bajramit-deshmi-e-tabanit-dhe-e-tradites-islame-ne-Shkoder-23-80x60.jpg"},"full":{"file":"Falja-e-Fiter-Bajramit-deshmi-e-tabanit-dhe-e-tradites-islame-ne-Shkoder-23.jpg","width":2048,"height":1365,"mime_type":"image\/jpeg","source_url":"https:\/\/myftinia-shkoder.org\/wp-content\/uploads\/2025\/03\/Falja-e-Fiter-Bajramit-deshmi-e-tabanit-dhe-e-tradites-islame-ne-Shkoder-23.jpg"}},"image_meta":{"aperture":"0","credit":"","camera":"","caption":"Falja e Fit\u00ebr Bajramit d\u00ebshmi e tabanit dhe e tradit\u00ebs islame n\u00eb Shkod\u00ebr | 2025","created_timestamp":"0","copyright":"","focal_length":"0","iso":"0","shutter_speed":"0","title":"","orientation":"0","keywords":[]}},"post":17450,"source_url":"https:\/\/myftinia-shkoder.org\/wp-content\/uploads\/2025\/03\/Falja-e-Fiter-Bajramit-deshmi-e-tabanit-dhe-e-tradites-islame-ne-Shkoder-23.jpg","_links":{"self":[{"href":"https:\/\/myftinia-shkoder.org\/index.php?rest_route=\/wp\/v2\/media\/17473","targetHints":{"allow":["GET"]}}],"collection":[{"href":"https:\/\/myftinia-shkoder.org\/index.php?rest_route=\/wp\/v2\/media"}],"about":[{"href":"https:\/\/myftinia-shkoder.org\/index.php?rest_route=\/wp\/v2\/types\/attachment"}],"author":[{"embeddable":true,"href":"https:\/\/myftinia-shkoder.org\/index.php?rest_route=\/wp\/v2\/users\/1"}],"replies":[{"embeddable":true,"href":"https:\/\/myftinia-shkoder.org\/index.php?rest_route=%2Fwp%2Fv2%2Fcomments&post=17473"}],"wp:term":[{"taxonomy":"attachment_category","embeddable":true,"href":"https:\/\/myftinia-shkoder.org\/index.php?rest_route=%2Fwp%2Fv2%2Fattachment_category&post=17473"},{"taxonomy":"attachment_tag","embeddable":true,"href":"https:\/\/myftinia-shkoder.org\/index.php?rest_route=%2Fwp%2Fv2%2Fattachment_tag&post=17473"}],"wp:attached-to":[{"embeddable":true,"post_type":"post","id":17450,"href":"https:\/\/myftinia-shkoder.org\/index.php?rest_route=\/wp\/v2\/posts\/17450"}],"curies":[{"name":"wp","href":"https:\/\/api.w.org\/{rel}","templated":true}]}}

Falja e Fitër Bajramit dëshmi e tabanit dhe e traditës islame në Shkodër (23)

<div class="mh-excerpt"><p>Falja e Fitër Bajramit dëshmi e tabanit dhe e traditës islame në Shkodër | 2025 <a class="mh-excerpt-more" href="https://myftinia-shkoder.org/?attachment_id=17473" title="Falja e Fitër Bajramit dëshmi e tabanit dhe e traditës islame në Shkodër (23)">[&#8230;]</a></p>
</div>

Falja e Fitër Bajramit dëshmi e tabanit dhe e traditës islame në Shkodër | 2025
