{"id":18965,"date":"2025-07-23T21:25:14","date_gmt":"2025-07-23T21:25:14","guid":{"rendered":"http:\/\/myftinia-shkoder.org\/wp-content\/uploads\/2025\/07\/Myftiu-priti-imame-te-nderuar-shqiptare-ne-Zvicer-9.jpg"},"modified":"2025-07-23T21:25:14","modified_gmt":"2025-07-23T21:25:14","slug":"myftiu-priti-imame-te-nderuar-shqiptare-ne-zvicer-4","status":"inherit","type":"attachment","link":"https:\/\/myftinia-shkoder.org\/?attachment_id=18965","title":{"rendered":"Myftiu priti imam\u00eb t\u00eb nderuar shqiptar\u00eb n\u00eb Zvic\u00ebr"},"author":1,"featured_media":0,"comment_status":"closed","ping_status":"closed","template":"","meta":[],"attachment_category":[],"attachment_tag":[],"class_list":["post-18965","attachment","type-attachment","status-inherit","hentry"],"description":{"rendered":"<p class=\"attachment\"><a href='https:\/\/myftinia-shkoder.org\/wp-content\/uploads\/2025\/07\/Myftiu-priti-imame-te-nderuar-shqiptare-ne-Zvicer-9-scaled.jpg'><img loading=\"lazy\" decoding=\"async\" width=\"169\" height=\"300\" src=\"https:\/\/myftinia-shkoder.org\/wp-content\/uploads\/2025\/07\/Myftiu-priti-imame-te-nderuar-shqiptare-ne-Zvicer-9-169x300.jpg\" class=\"attachment-medium size-medium\" alt=\"\" srcset=\"https:\/\/myftinia-shkoder.org\/wp-content\/uploads\/2025\/07\/Myftiu-priti-imame-te-nderuar-shqiptare-ne-Zvicer-9-169x300.jpg 169w, https:\/\/myftinia-shkoder.org\/wp-content\/uploads\/2025\/07\/Myftiu-priti-imame-te-nderuar-shqiptare-ne-Zvicer-9-577x1024.jpg 577w, https:\/\/myftinia-shkoder.org\/wp-content\/uploads\/2025\/07\/Myftiu-priti-imame-te-nderuar-shqiptare-ne-Zvicer-9-768x1364.jpg 768w, https:\/\/myftinia-shkoder.org\/wp-content\/uploads\/2025\/07\/Myftiu-priti-imame-te-nderuar-shqiptare-ne-Zvicer-9-865x1536.jpg 865w, https:\/\/myftinia-shkoder.org\/wp-content\/uploads\/2025\/07\/Myftiu-priti-imame-te-nderuar-shqiptare-ne-Zvicer-9-1153x2048.jpg 1153w, https:\/\/myftinia-shkoder.org\/wp-content\/uploads\/2025\/07\/Myftiu-priti-imame-te-nderuar-shqiptare-ne-Zvicer-9-scaled.jpg 1441w\" sizes=\"auto, (max-width: 169px) 100vw, 169px\" \/><\/a><\/p>\n"},"caption":{"rendered":"<div class=\"mh-excerpt\"><p>Myftiu priti imam\u00eb t\u00eb nderuar shqiptar\u00eb n\u00eb Zvic\u00ebr <a class=\"mh-excerpt-more\" href=\"https:\/\/myftinia-shkoder.org\/?attachment_id=18965\" title=\"Myftiu priti imam\u00eb t\u00eb nderuar shqiptar\u00eb n\u00eb Zvic\u00ebr\">[&#8230;]<\/a><\/p>\n<\/div>"},"alt_text":"","media_type":"image","mime_type":"image\/jpeg","media_details":{"width":1441,"height":2560,"file":"2025\/07\/Myftiu-priti-imame-te-nderuar-shqiptare-ne-Zvicer-9-scaled.jpg","filesize":395565,"sizes":{"medium":{"file":"Myftiu-priti-imame-te-nderuar-shqiptare-ne-Zvicer-9-169x300.jpg","width":169,"height":300,"filesize":10485,"mime_type":"image\/jpeg","source_url":"https:\/\/myftinia-shkoder.org\/wp-content\/uploads\/2025\/07\/Myftiu-priti-imame-te-nderuar-shqiptare-ne-Zvicer-9-169x300.jpg"},"large":{"file":"Myftiu-priti-imame-te-nderuar-shqiptare-ne-Zvicer-9-577x1024.jpg","width":577,"height":1024,"filesize":82864,"mime_type":"image\/jpeg","source_url":"https:\/\/myftinia-shkoder.org\/wp-content\/uploads\/2025\/07\/Myftiu-priti-imame-te-nderuar-shqiptare-ne-Zvicer-9-577x1024.jpg"},"thumbnail":{"file":"Myftiu-priti-imame-te-nderuar-shqiptare-ne-Zvicer-9-150x150.jpg","width":150,"height":150,"filesize":6063,"mime_type":"image\/jpeg","source_url":"https:\/\/myftinia-shkoder.org\/wp-content\/uploads\/2025\/07\/Myftiu-priti-imame-te-nderuar-shqiptare-ne-Zvicer-9-150x150.jpg"},"medium_large":{"file":"Myftiu-priti-imame-te-nderuar-shqiptare-ne-Zvicer-9-768x1364.jpg","width":768,"height":1364,"filesize":136102,"mime_type":"image\/jpeg","source_url":"https:\/\/myftinia-shkoder.org\/wp-content\/uploads\/2025\/07\/Myftiu-priti-imame-te-nderuar-shqiptare-ne-Zvicer-9-768x1364.jpg"},"1536x1536":{"file":"Myftiu-priti-imame-te-nderuar-shqiptare-ne-Zvicer-9-865x1536.jpg","width":865,"height":1536,"filesize":167198,"mime_type":"image\/jpeg","source_url":"https:\/\/myftinia-shkoder.org\/wp-content\/uploads\/2025\/07\/Myftiu-priti-imame-te-nderuar-shqiptare-ne-Zvicer-9-865x1536.jpg"},"2048x2048":{"file":"Myftiu-priti-imame-te-nderuar-shqiptare-ne-Zvicer-9-1153x2048.jpg","width":1153,"height":2048,"filesize":272781,"mime_type":"image\/jpeg","source_url":"https:\/\/myftinia-shkoder.org\/wp-content\/uploads\/2025\/07\/Myftiu-priti-imame-te-nderuar-shqiptare-ne-Zvicer-9-1153x2048.jpg"},"mh-magazine-slider":{"file":"Myftiu-priti-imame-te-nderuar-shqiptare-ne-Zvicer-9-1030x438.jpg","width":1030,"height":438,"filesize":61191,"mime_type":"image\/jpeg","source_url":"https:\/\/myftinia-shkoder.org\/wp-content\/uploads\/2025\/07\/Myftiu-priti-imame-te-nderuar-shqiptare-ne-Zvicer-9-1030x438.jpg"},"mh-magazine-content":{"file":"Myftiu-priti-imame-te-nderuar-shqiptare-ne-Zvicer-9-678x381.jpg","width":678,"height":381,"filesize":38844,"mime_type":"image\/jpeg","source_url":"https:\/\/myftinia-shkoder.org\/wp-content\/uploads\/2025\/07\/Myftiu-priti-imame-te-nderuar-shqiptare-ne-Zvicer-9-678x381.jpg"},"mh-magazine-large":{"file":"Myftiu-priti-imame-te-nderuar-shqiptare-ne-Zvicer-9-678x509.jpg","width":678,"height":509,"filesize":51314,"mime_type":"image\/jpeg","source_url":"https:\/\/myftinia-shkoder.org\/wp-content\/uploads\/2025\/07\/Myftiu-priti-imame-te-nderuar-shqiptare-ne-Zvicer-9-678x509.jpg"},"mh-magazine-medium":{"file":"Myftiu-priti-imame-te-nderuar-shqiptare-ne-Zvicer-9-326x245.jpg","width":326,"height":245,"filesize":15263,"mime_type":"image\/jpeg","source_url":"https:\/\/myftinia-shkoder.org\/wp-content\/uploads\/2025\/07\/Myftiu-priti-imame-te-nderuar-shqiptare-ne-Zvicer-9-326x245.jpg"},"mh-magazine-small":{"file":"Myftiu-priti-imame-te-nderuar-shqiptare-ne-Zvicer-9-80x60.jpg","width":80,"height":60,"filesize":2126,"mime_type":"image\/jpeg","source_url":"https:\/\/myftinia-shkoder.org\/wp-content\/uploads\/2025\/07\/Myftiu-priti-imame-te-nderuar-shqiptare-ne-Zvicer-9-80x60.jpg"},"full":{"file":"Myftiu-priti-imame-te-nderuar-shqiptare-ne-Zvicer-9-scaled.jpg","width":1441,"height":2560,"mime_type":"image\/jpeg","source_url":"https:\/\/myftinia-shkoder.org\/wp-content\/uploads\/2025\/07\/Myftiu-priti-imame-te-nderuar-shqiptare-ne-Zvicer-9-scaled.jpg"}},"image_meta":{"aperture":"0","credit":"","camera":"","caption":"Myftiu priti imam\u00eb t\u00eb nderuar shqiptar\u00eb n\u00eb Zvic\u00ebr","created_timestamp":"0","copyright":"","focal_length":"0","iso":"0","shutter_speed":"0","title":"Myftiu priti imam\u00eb t\u00eb nderuar shqiptar\u00eb n\u00eb Zvic\u00ebr","orientation":"0","keywords":[]},"original_image":"Myftiu-priti-imame-te-nderuar-shqiptare-ne-Zvicer-9.jpg"},"post":18961,"source_url":"https:\/\/myftinia-shkoder.org\/wp-content\/uploads\/2025\/07\/Myftiu-priti-imame-te-nderuar-shqiptare-ne-Zvicer-9-scaled.jpg","_links":{"self":[{"href":"https:\/\/myftinia-shkoder.org\/index.php?rest_route=\/wp\/v2\/media\/18965","targetHints":{"allow":["GET"]}}],"collection":[{"href":"https:\/\/myftinia-shkoder.org\/index.php?rest_route=\/wp\/v2\/media"}],"about":[{"href":"https:\/\/myftinia-shkoder.org\/index.php?rest_route=\/wp\/v2\/types\/attachment"}],"author":[{"embeddable":true,"href":"https:\/\/myftinia-shkoder.org\/index.php?rest_route=\/wp\/v2\/users\/1"}],"replies":[{"embeddable":true,"href":"https:\/\/myftinia-shkoder.org\/index.php?rest_route=%2Fwp%2Fv2%2Fcomments&post=18965"}],"wp:term":[{"taxonomy":"attachment_category","embeddable":true,"href":"https:\/\/myftinia-shkoder.org\/index.php?rest_route=%2Fwp%2Fv2%2Fattachment_category&post=18965"},{"taxonomy":"attachment_tag","embeddable":true,"href":"https:\/\/myftinia-shkoder.org\/index.php?rest_route=%2Fwp%2Fv2%2Fattachment_tag&post=18965"}],"wp:attached-to":[{"embeddable":true,"post_type":"post","id":18961,"href":"https:\/\/myftinia-shkoder.org\/index.php?rest_route=\/wp\/v2\/posts\/18961"}],"curies":[{"name":"wp","href":"https:\/\/api.w.org\/{rel}","templated":true}]}}

Myftiu priti imamë të nderuar shqiptarë në Zvicër

<div class="mh-excerpt"><p>Myftiu priti imamë të nderuar shqiptarë në Zvicër <a class="mh-excerpt-more" href="https://myftinia-shkoder.org/?attachment_id=18965" title="Myftiu priti imamë të nderuar shqiptarë në Zvicër">[&#8230;]</a></p>
</div>
