{"id":19751,"date":"2025-12-06T16:36:19","date_gmt":"2025-12-06T16:36:19","guid":{"rendered":"https:\/\/myftinia-shkoder.org\/wp-content\/uploads\/2025\/12\/Vizite-e-delegacionit-te-xhamise-Drita-Luzern-te-Zvicres-ne-Myftinine-Shkoder-1.jpg"},"modified":"2025-12-06T16:36:19","modified_gmt":"2025-12-06T16:36:19","slug":"vizite-e-delegacionit-te-xhamise-drita-luzern-te-zvicres-ne-myftinine-shkoder-1","status":"inherit","type":"attachment","link":"https:\/\/myftinia-shkoder.org\/?attachment_id=19751","title":{"rendered":"Vizit\u00eb e delegacionit t\u00eb xhamis\u00eb \u201cDrita\u201d, Luzern t\u00eb Zvicr\u00ebs n\u00eb Myftinin\u00eb Shkod\u00ebr (1)"},"author":1,"featured_media":0,"comment_status":"closed","ping_status":"closed","template":"","meta":[],"attachment_category":[],"attachment_tag":[],"class_list":["post-19751","attachment","type-attachment","status-inherit","hentry"],"description":{"rendered":"<p class=\"attachment\"><a href='https:\/\/myftinia-shkoder.org\/wp-content\/uploads\/2025\/12\/Vizite-e-delegacionit-te-xhamise-Drita-Luzern-te-Zvicres-ne-Myftinine-Shkoder-1.jpg'><img loading=\"lazy\" decoding=\"async\" width=\"300\" height=\"225\" src=\"https:\/\/myftinia-shkoder.org\/wp-content\/uploads\/2025\/12\/Vizite-e-delegacionit-te-xhamise-Drita-Luzern-te-Zvicres-ne-Myftinine-Shkoder-1-300x225.jpg\" class=\"attachment-medium size-medium\" alt=\"\" srcset=\"https:\/\/myftinia-shkoder.org\/wp-content\/uploads\/2025\/12\/Vizite-e-delegacionit-te-xhamise-Drita-Luzern-te-Zvicres-ne-Myftinine-Shkoder-1-300x225.jpg 300w, https:\/\/myftinia-shkoder.org\/wp-content\/uploads\/2025\/12\/Vizite-e-delegacionit-te-xhamise-Drita-Luzern-te-Zvicres-ne-Myftinine-Shkoder-1-1024x768.jpg 1024w, https:\/\/myftinia-shkoder.org\/wp-content\/uploads\/2025\/12\/Vizite-e-delegacionit-te-xhamise-Drita-Luzern-te-Zvicres-ne-Myftinine-Shkoder-1-768x576.jpg 768w, https:\/\/myftinia-shkoder.org\/wp-content\/uploads\/2025\/12\/Vizite-e-delegacionit-te-xhamise-Drita-Luzern-te-Zvicres-ne-Myftinine-Shkoder-1-678x509.jpg 678w, https:\/\/myftinia-shkoder.org\/wp-content\/uploads\/2025\/12\/Vizite-e-delegacionit-te-xhamise-Drita-Luzern-te-Zvicres-ne-Myftinine-Shkoder-1-326x245.jpg 326w, https:\/\/myftinia-shkoder.org\/wp-content\/uploads\/2025\/12\/Vizite-e-delegacionit-te-xhamise-Drita-Luzern-te-Zvicres-ne-Myftinine-Shkoder-1-80x60.jpg 80w, https:\/\/myftinia-shkoder.org\/wp-content\/uploads\/2025\/12\/Vizite-e-delegacionit-te-xhamise-Drita-Luzern-te-Zvicres-ne-Myftinine-Shkoder-1.jpg 1280w\" sizes=\"auto, (max-width: 300px) 100vw, 300px\" \/><\/a><\/p>\n"},"caption":{"rendered":"<div class=\"mh-excerpt\"><p>Vizit\u00eb e delegacionit t\u00eb xhamis\u00eb \u201cDrita\u201d, Luzern t\u00eb Zvicr\u00ebs n\u00eb Myftinin\u00eb Shkod\u00ebr <a class=\"mh-excerpt-more\" href=\"https:\/\/myftinia-shkoder.org\/?attachment_id=19751\" title=\"Vizit\u00eb e delegacionit t\u00eb xhamis\u00eb \u201cDrita\u201d, Luzern t\u00eb Zvicr\u00ebs n\u00eb Myftinin\u00eb Shkod\u00ebr (1)\">[&#8230;]<\/a><\/p>\n<\/div>"},"alt_text":"","media_type":"image","mime_type":"image\/jpeg","media_details":{"width":1280,"height":960,"file":"2025\/12\/Vizite-e-delegacionit-te-xhamise-Drita-Luzern-te-Zvicres-ne-Myftinine-Shkoder-1.jpg","filesize":218095,"sizes":{"medium":{"file":"Vizite-e-delegacionit-te-xhamise-Drita-Luzern-te-Zvicres-ne-Myftinine-Shkoder-1-300x225.jpg","width":300,"height":225,"filesize":19821,"mime_type":"image\/jpeg","source_url":"https:\/\/myftinia-shkoder.org\/wp-content\/uploads\/2025\/12\/Vizite-e-delegacionit-te-xhamise-Drita-Luzern-te-Zvicres-ne-Myftinine-Shkoder-1-300x225.jpg"},"large":{"file":"Vizite-e-delegacionit-te-xhamise-Drita-Luzern-te-Zvicres-ne-Myftinine-Shkoder-1-1024x768.jpg","width":1024,"height":768,"filesize":160198,"mime_type":"image\/jpeg","source_url":"https:\/\/myftinia-shkoder.org\/wp-content\/uploads\/2025\/12\/Vizite-e-delegacionit-te-xhamise-Drita-Luzern-te-Zvicres-ne-Myftinine-Shkoder-1-1024x768.jpg"},"thumbnail":{"file":"Vizite-e-delegacionit-te-xhamise-Drita-Luzern-te-Zvicres-ne-Myftinine-Shkoder-1-150x150.jpg","width":150,"height":150,"filesize":7376,"mime_type":"image\/jpeg","source_url":"https:\/\/myftinia-shkoder.org\/wp-content\/uploads\/2025\/12\/Vizite-e-delegacionit-te-xhamise-Drita-Luzern-te-Zvicres-ne-Myftinine-Shkoder-1-150x150.jpg"},"medium_large":{"file":"Vizite-e-delegacionit-te-xhamise-Drita-Luzern-te-Zvicres-ne-Myftinine-Shkoder-1-768x576.jpg","width":768,"height":576,"filesize":101130,"mime_type":"image\/jpeg","source_url":"https:\/\/myftinia-shkoder.org\/wp-content\/uploads\/2025\/12\/Vizite-e-delegacionit-te-xhamise-Drita-Luzern-te-Zvicres-ne-Myftinine-Shkoder-1-768x576.jpg"},"mh-magazine-slider":{"file":"Vizite-e-delegacionit-te-xhamise-Drita-Luzern-te-Zvicres-ne-Myftinine-Shkoder-1-1030x438.jpg","width":1030,"height":438,"filesize":94300,"mime_type":"image\/jpeg","source_url":"https:\/\/myftinia-shkoder.org\/wp-content\/uploads\/2025\/12\/Vizite-e-delegacionit-te-xhamise-Drita-Luzern-te-Zvicres-ne-Myftinine-Shkoder-1-1030x438.jpg"},"mh-magazine-content":{"file":"Vizite-e-delegacionit-te-xhamise-Drita-Luzern-te-Zvicres-ne-Myftinine-Shkoder-1-678x381.jpg","width":678,"height":381,"filesize":61555,"mime_type":"image\/jpeg","source_url":"https:\/\/myftinia-shkoder.org\/wp-content\/uploads\/2025\/12\/Vizite-e-delegacionit-te-xhamise-Drita-Luzern-te-Zvicres-ne-Myftinine-Shkoder-1-678x381.jpg"},"mh-magazine-large":{"file":"Vizite-e-delegacionit-te-xhamise-Drita-Luzern-te-Zvicres-ne-Myftinine-Shkoder-1-678x509.jpg","width":678,"height":509,"filesize":82053,"mime_type":"image\/jpeg","source_url":"https:\/\/myftinia-shkoder.org\/wp-content\/uploads\/2025\/12\/Vizite-e-delegacionit-te-xhamise-Drita-Luzern-te-Zvicres-ne-Myftinine-Shkoder-1-678x509.jpg"},"mh-magazine-medium":{"file":"Vizite-e-delegacionit-te-xhamise-Drita-Luzern-te-Zvicres-ne-Myftinine-Shkoder-1-326x245.jpg","width":326,"height":245,"filesize":22863,"mime_type":"image\/jpeg","source_url":"https:\/\/myftinia-shkoder.org\/wp-content\/uploads\/2025\/12\/Vizite-e-delegacionit-te-xhamise-Drita-Luzern-te-Zvicres-ne-Myftinine-Shkoder-1-326x245.jpg"},"mh-magazine-small":{"file":"Vizite-e-delegacionit-te-xhamise-Drita-Luzern-te-Zvicres-ne-Myftinine-Shkoder-1-80x60.jpg","width":80,"height":60,"filesize":2441,"mime_type":"image\/jpeg","source_url":"https:\/\/myftinia-shkoder.org\/wp-content\/uploads\/2025\/12\/Vizite-e-delegacionit-te-xhamise-Drita-Luzern-te-Zvicres-ne-Myftinine-Shkoder-1-80x60.jpg"},"full":{"file":"Vizite-e-delegacionit-te-xhamise-Drita-Luzern-te-Zvicres-ne-Myftinine-Shkoder-1.jpg","width":1280,"height":960,"mime_type":"image\/jpeg","source_url":"https:\/\/myftinia-shkoder.org\/wp-content\/uploads\/2025\/12\/Vizite-e-delegacionit-te-xhamise-Drita-Luzern-te-Zvicres-ne-Myftinine-Shkoder-1.jpg"}},"image_meta":{"aperture":"0","credit":"","camera":"","caption":"Vizit\u00eb e delegacionit t\u00eb xhamis\u00eb \u201cDrita\u201d, Luzern t\u00eb Zvicr\u00ebs n\u00eb Myftinin\u00eb Shkod\u00ebr","created_timestamp":"0","copyright":"","focal_length":"0","iso":"0","shutter_speed":"0","title":"","orientation":"0","keywords":[]}},"post":19743,"source_url":"https:\/\/myftinia-shkoder.org\/wp-content\/uploads\/2025\/12\/Vizite-e-delegacionit-te-xhamise-Drita-Luzern-te-Zvicres-ne-Myftinine-Shkoder-1.jpg","_links":{"self":[{"href":"https:\/\/myftinia-shkoder.org\/index.php?rest_route=\/wp\/v2\/media\/19751","targetHints":{"allow":["GET"]}}],"collection":[{"href":"https:\/\/myftinia-shkoder.org\/index.php?rest_route=\/wp\/v2\/media"}],"about":[{"href":"https:\/\/myftinia-shkoder.org\/index.php?rest_route=\/wp\/v2\/types\/attachment"}],"author":[{"embeddable":true,"href":"https:\/\/myftinia-shkoder.org\/index.php?rest_route=\/wp\/v2\/users\/1"}],"replies":[{"embeddable":true,"href":"https:\/\/myftinia-shkoder.org\/index.php?rest_route=%2Fwp%2Fv2%2Fcomments&post=19751"}],"wp:term":[{"taxonomy":"attachment_category","embeddable":true,"href":"https:\/\/myftinia-shkoder.org\/index.php?rest_route=%2Fwp%2Fv2%2Fattachment_category&post=19751"},{"taxonomy":"attachment_tag","embeddable":true,"href":"https:\/\/myftinia-shkoder.org\/index.php?rest_route=%2Fwp%2Fv2%2Fattachment_tag&post=19751"}],"wp:attached-to":[{"embeddable":true,"post_type":"post","id":19743,"href":"https:\/\/myftinia-shkoder.org\/index.php?rest_route=\/wp\/v2\/posts\/19743"}],"curies":[{"name":"wp","href":"https:\/\/api.w.org\/{rel}","templated":true}]}}

Vizitë e delegacionit të xhamisë “Drita”, Luzern të Zvicrës në Myftininë Shkodër (1)

<div class="mh-excerpt"><p>Vizitë e delegacionit të xhamisë “Drita”, Luzern të Zvicrës në Myftininë Shkodër <a class="mh-excerpt-more" href="https://myftinia-shkoder.org/?attachment_id=19751" title="Vizitë e delegacionit të xhamisë “Drita”, Luzern të Zvicrës në Myftininë Shkodër (1)">[&#8230;]</a></p>
</div>

Vizitë e delegacionit të xhamisë “Drita”, Luzern të Zvicrës në Myftininë Shkodër
