{"id":19754,"date":"2025-12-06T17:13:28","date_gmt":"2025-12-06T17:13:28","guid":{"rendered":"https:\/\/myftinia-shkoder.org\/wp-content\/uploads\/2025\/12\/Vizite-e-delegacionit-te-xhamise-Drita-Luzern-te-Zvicres-ne-Myftinine-Shkoder-9.jpeg"},"modified":"2025-12-06T17:13:28","modified_gmt":"2025-12-06T17:13:28","slug":"vizite-e-delegacionit-te-xhamise-drita-luzern-te-zvicres-ne-myftinine-shkoder-9","status":"inherit","type":"attachment","link":"https:\/\/myftinia-shkoder.org\/?attachment_id=19754","title":{"rendered":"Vizit\u00eb e delegacionit t\u00eb xhamis\u00eb \u201cDrita\u201d, Luzern t\u00eb Zvicr\u00ebs n\u00eb Myftinin\u00eb Shkod\u00ebr (9)"},"author":1,"featured_media":0,"comment_status":"closed","ping_status":"closed","template":"","meta":[],"attachment_category":[],"attachment_tag":[],"class_list":["post-19754","attachment","type-attachment","status-inherit","hentry"],"description":{"rendered":"<p class=\"attachment\"><a href='https:\/\/myftinia-shkoder.org\/wp-content\/uploads\/2025\/12\/Vizite-e-delegacionit-te-xhamise-Drita-Luzern-te-Zvicres-ne-Myftinine-Shkoder-9.jpeg'><img loading=\"lazy\" decoding=\"async\" width=\"225\" height=\"300\" src=\"https:\/\/myftinia-shkoder.org\/wp-content\/uploads\/2025\/12\/Vizite-e-delegacionit-te-xhamise-Drita-Luzern-te-Zvicres-ne-Myftinine-Shkoder-9-225x300.jpeg\" class=\"attachment-medium size-medium\" alt=\"\" srcset=\"https:\/\/myftinia-shkoder.org\/wp-content\/uploads\/2025\/12\/Vizite-e-delegacionit-te-xhamise-Drita-Luzern-te-Zvicres-ne-Myftinine-Shkoder-9-225x300.jpeg 225w, https:\/\/myftinia-shkoder.org\/wp-content\/uploads\/2025\/12\/Vizite-e-delegacionit-te-xhamise-Drita-Luzern-te-Zvicres-ne-Myftinine-Shkoder-9-768x1024.jpeg 768w, https:\/\/myftinia-shkoder.org\/wp-content\/uploads\/2025\/12\/Vizite-e-delegacionit-te-xhamise-Drita-Luzern-te-Zvicres-ne-Myftinine-Shkoder-9-1152x1536.jpeg 1152w, https:\/\/myftinia-shkoder.org\/wp-content\/uploads\/2025\/12\/Vizite-e-delegacionit-te-xhamise-Drita-Luzern-te-Zvicres-ne-Myftinine-Shkoder-9.jpeg 1200w\" sizes=\"auto, (max-width: 225px) 100vw, 225px\" \/><\/a><\/p>\n"},"caption":{"rendered":"<div class=\"mh-excerpt\"><\/div>"},"alt_text":"","media_type":"image","mime_type":"image\/jpeg","media_details":{"width":1200,"height":1600,"file":"2025\/12\/Vizite-e-delegacionit-te-xhamise-Drita-Luzern-te-Zvicres-ne-Myftinine-Shkoder-9.jpeg","filesize":240906,"sizes":{"medium":{"file":"Vizite-e-delegacionit-te-xhamise-Drita-Luzern-te-Zvicres-ne-Myftinine-Shkoder-9-225x300.jpeg","width":225,"height":300,"filesize":15926,"mime_type":"image\/jpeg","source_url":"https:\/\/myftinia-shkoder.org\/wp-content\/uploads\/2025\/12\/Vizite-e-delegacionit-te-xhamise-Drita-Luzern-te-Zvicres-ne-Myftinine-Shkoder-9-225x300.jpeg"},"large":{"file":"Vizite-e-delegacionit-te-xhamise-Drita-Luzern-te-Zvicres-ne-Myftinine-Shkoder-9-768x1024.jpeg","width":768,"height":1024,"filesize":118407,"mime_type":"image\/jpeg","source_url":"https:\/\/myftinia-shkoder.org\/wp-content\/uploads\/2025\/12\/Vizite-e-delegacionit-te-xhamise-Drita-Luzern-te-Zvicres-ne-Myftinine-Shkoder-9-768x1024.jpeg"},"thumbnail":{"file":"Vizite-e-delegacionit-te-xhamise-Drita-Luzern-te-Zvicres-ne-Myftinine-Shkoder-9-150x150.jpeg","width":150,"height":150,"filesize":7349,"mime_type":"image\/jpeg","source_url":"https:\/\/myftinia-shkoder.org\/wp-content\/uploads\/2025\/12\/Vizite-e-delegacionit-te-xhamise-Drita-Luzern-te-Zvicres-ne-Myftinine-Shkoder-9-150x150.jpeg"},"medium_large":{"file":"Vizite-e-delegacionit-te-xhamise-Drita-Luzern-te-Zvicres-ne-Myftinine-Shkoder-9-768x1024.jpeg","width":768,"height":1024,"filesize":118407,"mime_type":"image\/jpeg","source_url":"https:\/\/myftinia-shkoder.org\/wp-content\/uploads\/2025\/12\/Vizite-e-delegacionit-te-xhamise-Drita-Luzern-te-Zvicres-ne-Myftinine-Shkoder-9-768x1024.jpeg"},"1536x1536":{"file":"Vizite-e-delegacionit-te-xhamise-Drita-Luzern-te-Zvicres-ne-Myftinine-Shkoder-9-1152x1536.jpeg","width":1152,"height":1536,"filesize":231185,"mime_type":"image\/jpeg","source_url":"https:\/\/myftinia-shkoder.org\/wp-content\/uploads\/2025\/12\/Vizite-e-delegacionit-te-xhamise-Drita-Luzern-te-Zvicres-ne-Myftinine-Shkoder-9-1152x1536.jpeg"},"mh-magazine-slider":{"file":"Vizite-e-delegacionit-te-xhamise-Drita-Luzern-te-Zvicres-ne-Myftinine-Shkoder-9-1030x438.jpeg","width":1030,"height":438,"filesize":91469,"mime_type":"image\/jpeg","source_url":"https:\/\/myftinia-shkoder.org\/wp-content\/uploads\/2025\/12\/Vizite-e-delegacionit-te-xhamise-Drita-Luzern-te-Zvicres-ne-Myftinine-Shkoder-9-1030x438.jpeg"},"mh-magazine-content":{"file":"Vizite-e-delegacionit-te-xhamise-Drita-Luzern-te-Zvicres-ne-Myftinine-Shkoder-9-678x381.jpeg","width":678,"height":381,"filesize":58308,"mime_type":"image\/jpeg","source_url":"https:\/\/myftinia-shkoder.org\/wp-content\/uploads\/2025\/12\/Vizite-e-delegacionit-te-xhamise-Drita-Luzern-te-Zvicres-ne-Myftinine-Shkoder-9-678x381.jpeg"},"mh-magazine-large":{"file":"Vizite-e-delegacionit-te-xhamise-Drita-Luzern-te-Zvicres-ne-Myftinine-Shkoder-9-678x509.jpeg","width":678,"height":509,"filesize":69098,"mime_type":"image\/jpeg","source_url":"https:\/\/myftinia-shkoder.org\/wp-content\/uploads\/2025\/12\/Vizite-e-delegacionit-te-xhamise-Drita-Luzern-te-Zvicres-ne-Myftinine-Shkoder-9-678x509.jpeg"},"mh-magazine-medium":{"file":"Vizite-e-delegacionit-te-xhamise-Drita-Luzern-te-Zvicres-ne-Myftinine-Shkoder-9-326x245.jpeg","width":326,"height":245,"filesize":21217,"mime_type":"image\/jpeg","source_url":"https:\/\/myftinia-shkoder.org\/wp-content\/uploads\/2025\/12\/Vizite-e-delegacionit-te-xhamise-Drita-Luzern-te-Zvicres-ne-Myftinine-Shkoder-9-326x245.jpeg"},"mh-magazine-small":{"file":"Vizite-e-delegacionit-te-xhamise-Drita-Luzern-te-Zvicres-ne-Myftinine-Shkoder-9-80x60.jpeg","width":80,"height":60,"filesize":2603,"mime_type":"image\/jpeg","source_url":"https:\/\/myftinia-shkoder.org\/wp-content\/uploads\/2025\/12\/Vizite-e-delegacionit-te-xhamise-Drita-Luzern-te-Zvicres-ne-Myftinine-Shkoder-9-80x60.jpeg"},"full":{"file":"Vizite-e-delegacionit-te-xhamise-Drita-Luzern-te-Zvicres-ne-Myftinine-Shkoder-9.jpeg","width":1200,"height":1600,"mime_type":"image\/jpeg","source_url":"https:\/\/myftinia-shkoder.org\/wp-content\/uploads\/2025\/12\/Vizite-e-delegacionit-te-xhamise-Drita-Luzern-te-Zvicres-ne-Myftinine-Shkoder-9.jpeg"}},"image_meta":{"aperture":"0","credit":"","camera":"","caption":"","created_timestamp":"0","copyright":"","focal_length":"0","iso":"0","shutter_speed":"0","title":"","orientation":"0","keywords":[]}},"post":19743,"source_url":"https:\/\/myftinia-shkoder.org\/wp-content\/uploads\/2025\/12\/Vizite-e-delegacionit-te-xhamise-Drita-Luzern-te-Zvicres-ne-Myftinine-Shkoder-9.jpeg","_links":{"self":[{"href":"https:\/\/myftinia-shkoder.org\/index.php?rest_route=\/wp\/v2\/media\/19754","targetHints":{"allow":["GET"]}}],"collection":[{"href":"https:\/\/myftinia-shkoder.org\/index.php?rest_route=\/wp\/v2\/media"}],"about":[{"href":"https:\/\/myftinia-shkoder.org\/index.php?rest_route=\/wp\/v2\/types\/attachment"}],"author":[{"embeddable":true,"href":"https:\/\/myftinia-shkoder.org\/index.php?rest_route=\/wp\/v2\/users\/1"}],"replies":[{"embeddable":true,"href":"https:\/\/myftinia-shkoder.org\/index.php?rest_route=%2Fwp%2Fv2%2Fcomments&post=19754"}],"wp:term":[{"taxonomy":"attachment_category","embeddable":true,"href":"https:\/\/myftinia-shkoder.org\/index.php?rest_route=%2Fwp%2Fv2%2Fattachment_category&post=19754"},{"taxonomy":"attachment_tag","embeddable":true,"href":"https:\/\/myftinia-shkoder.org\/index.php?rest_route=%2Fwp%2Fv2%2Fattachment_tag&post=19754"}],"wp:attached-to":[{"embeddable":true,"post_type":"post","id":19743,"href":"https:\/\/myftinia-shkoder.org\/index.php?rest_route=\/wp\/v2\/posts\/19743"}],"curies":[{"name":"wp","href":"https:\/\/api.w.org\/{rel}","templated":true}]}}

Vizitë e delegacionit të xhamisë “Drita”, Luzern të Zvicrës në Myftininë Shkodër (9)
