{"id":19773,"date":"2025-12-07T08:47:46","date_gmt":"2025-12-07T08:47:46","guid":{"rendered":"https:\/\/myftinia-shkoder.org\/wp-content\/uploads\/2025\/12\/Myftiu-i-Shkodres-i-ftuar-i-B.I.Sh_.-Ebu-Hanife-ne-Grenchen-te-Zvicres-17.jpeg"},"modified":"2025-12-07T08:47:46","modified_gmt":"2025-12-07T08:47:46","slug":"myftiu-i-shkodres-i-ftuar-i-b-i-sh-ebu-hanife-ne-grenchen-te-zvicres-17","status":"inherit","type":"attachment","link":"https:\/\/myftinia-shkoder.org\/?attachment_id=19773","title":{"rendered":"Myftiu i Shkodr\u00ebs, i ftuar i B.I.Sh. Ebu Hanife, n\u00eb Grenchen t\u00eb Zvicr\u00ebs"},"author":1,"featured_media":0,"comment_status":"closed","ping_status":"closed","template":"","meta":[],"attachment_category":[],"attachment_tag":[],"class_list":["post-19773","attachment","type-attachment","status-inherit","hentry"],"description":{"rendered":"<p class=\"attachment\"><a href='https:\/\/myftinia-shkoder.org\/wp-content\/uploads\/2025\/12\/Myftiu-i-Shkodres-i-ftuar-i-B.I.Sh_.-Ebu-Hanife-ne-Grenchen-te-Zvicres-17.jpeg'><img loading=\"lazy\" decoding=\"async\" width=\"140\" height=\"300\" src=\"https:\/\/myftinia-shkoder.org\/wp-content\/uploads\/2025\/12\/Myftiu-i-Shkodres-i-ftuar-i-B.I.Sh_.-Ebu-Hanife-ne-Grenchen-te-Zvicres-17-140x300.jpeg\" class=\"attachment-medium size-medium\" alt=\"\" srcset=\"https:\/\/myftinia-shkoder.org\/wp-content\/uploads\/2025\/12\/Myftiu-i-Shkodres-i-ftuar-i-B.I.Sh_.-Ebu-Hanife-ne-Grenchen-te-Zvicres-17-140x300.jpeg 140w, https:\/\/myftinia-shkoder.org\/wp-content\/uploads\/2025\/12\/Myftiu-i-Shkodres-i-ftuar-i-B.I.Sh_.-Ebu-Hanife-ne-Grenchen-te-Zvicres-17-478x1024.jpeg 478w, https:\/\/myftinia-shkoder.org\/wp-content\/uploads\/2025\/12\/Myftiu-i-Shkodres-i-ftuar-i-B.I.Sh_.-Ebu-Hanife-ne-Grenchen-te-Zvicres-17-768x1645.jpeg 768w, https:\/\/myftinia-shkoder.org\/wp-content\/uploads\/2025\/12\/Myftiu-i-Shkodres-i-ftuar-i-B.I.Sh_.-Ebu-Hanife-ne-Grenchen-te-Zvicres-17-717x1536.jpeg 717w, https:\/\/myftinia-shkoder.org\/wp-content\/uploads\/2025\/12\/Myftiu-i-Shkodres-i-ftuar-i-B.I.Sh_.-Ebu-Hanife-ne-Grenchen-te-Zvicres-17.jpeg 934w\" sizes=\"auto, (max-width: 140px) 100vw, 140px\" \/><\/a><\/p>\n"},"caption":{"rendered":"<div class=\"mh-excerpt\"><p>Myftiu i Shkodr\u00ebs, i ftuar i B.I.Sh. Ebu Hanife, n\u00eb Grenchen t\u00eb Zvicr\u00ebs <a class=\"mh-excerpt-more\" href=\"https:\/\/myftinia-shkoder.org\/?attachment_id=19773\" title=\"Myftiu i Shkodr\u00ebs, i ftuar i B.I.Sh. Ebu Hanife, n\u00eb Grenchen t\u00eb Zvicr\u00ebs\">[&#8230;]<\/a><\/p>\n<\/div>"},"alt_text":"","media_type":"image","mime_type":"image\/jpeg","media_details":{"width":934,"height":2000,"file":"2025\/12\/Myftiu-i-Shkodres-i-ftuar-i-B.I.Sh_.-Ebu-Hanife-ne-Grenchen-te-Zvicres-17.jpeg","filesize":233878,"sizes":{"medium":{"file":"Myftiu-i-Shkodres-i-ftuar-i-B.I.Sh_.-Ebu-Hanife-ne-Grenchen-te-Zvicres-17-140x300.jpeg","width":140,"height":300,"filesize":11959,"mime_type":"image\/jpeg","source_url":"https:\/\/myftinia-shkoder.org\/wp-content\/uploads\/2025\/12\/Myftiu-i-Shkodres-i-ftuar-i-B.I.Sh_.-Ebu-Hanife-ne-Grenchen-te-Zvicres-17-140x300.jpeg"},"large":{"file":"Myftiu-i-Shkodres-i-ftuar-i-B.I.Sh_.-Ebu-Hanife-ne-Grenchen-te-Zvicres-17-478x1024.jpeg","width":478,"height":1024,"filesize":91597,"mime_type":"image\/jpeg","source_url":"https:\/\/myftinia-shkoder.org\/wp-content\/uploads\/2025\/12\/Myftiu-i-Shkodres-i-ftuar-i-B.I.Sh_.-Ebu-Hanife-ne-Grenchen-te-Zvicres-17-478x1024.jpeg"},"thumbnail":{"file":"Myftiu-i-Shkodres-i-ftuar-i-B.I.Sh_.-Ebu-Hanife-ne-Grenchen-te-Zvicres-17-150x150.jpeg","width":150,"height":150,"filesize":8024,"mime_type":"image\/jpeg","source_url":"https:\/\/myftinia-shkoder.org\/wp-content\/uploads\/2025\/12\/Myftiu-i-Shkodres-i-ftuar-i-B.I.Sh_.-Ebu-Hanife-ne-Grenchen-te-Zvicres-17-150x150.jpeg"},"medium_large":{"file":"Myftiu-i-Shkodres-i-ftuar-i-B.I.Sh_.-Ebu-Hanife-ne-Grenchen-te-Zvicres-17-768x1645.jpeg","width":768,"height":1645,"filesize":193589,"mime_type":"image\/jpeg","source_url":"https:\/\/myftinia-shkoder.org\/wp-content\/uploads\/2025\/12\/Myftiu-i-Shkodres-i-ftuar-i-B.I.Sh_.-Ebu-Hanife-ne-Grenchen-te-Zvicres-17-768x1645.jpeg"},"1536x1536":{"file":"Myftiu-i-Shkodres-i-ftuar-i-B.I.Sh_.-Ebu-Hanife-ne-Grenchen-te-Zvicres-17-717x1536.jpeg","width":717,"height":1536,"filesize":174941,"mime_type":"image\/jpeg","source_url":"https:\/\/myftinia-shkoder.org\/wp-content\/uploads\/2025\/12\/Myftiu-i-Shkodres-i-ftuar-i-B.I.Sh_.-Ebu-Hanife-ne-Grenchen-te-Zvicres-17-717x1536.jpeg"},"mh-magazine-slider":{"file":"Myftiu-i-Shkodres-i-ftuar-i-B.I.Sh_.-Ebu-Hanife-ne-Grenchen-te-Zvicres-17-934x438.jpeg","width":934,"height":438,"filesize":92065,"mime_type":"image\/jpeg","source_url":"https:\/\/myftinia-shkoder.org\/wp-content\/uploads\/2025\/12\/Myftiu-i-Shkodres-i-ftuar-i-B.I.Sh_.-Ebu-Hanife-ne-Grenchen-te-Zvicres-17-934x438.jpeg"},"mh-magazine-content":{"file":"Myftiu-i-Shkodres-i-ftuar-i-B.I.Sh_.-Ebu-Hanife-ne-Grenchen-te-Zvicres-17-678x381.jpeg","width":678,"height":381,"filesize":60597,"mime_type":"image\/jpeg","source_url":"https:\/\/myftinia-shkoder.org\/wp-content\/uploads\/2025\/12\/Myftiu-i-Shkodres-i-ftuar-i-B.I.Sh_.-Ebu-Hanife-ne-Grenchen-te-Zvicres-17-678x381.jpeg"},"mh-magazine-large":{"file":"Myftiu-i-Shkodres-i-ftuar-i-B.I.Sh_.-Ebu-Hanife-ne-Grenchen-te-Zvicres-17-678x509.jpeg","width":678,"height":509,"filesize":73637,"mime_type":"image\/jpeg","source_url":"https:\/\/myftinia-shkoder.org\/wp-content\/uploads\/2025\/12\/Myftiu-i-Shkodres-i-ftuar-i-B.I.Sh_.-Ebu-Hanife-ne-Grenchen-te-Zvicres-17-678x509.jpeg"},"mh-magazine-medium":{"file":"Myftiu-i-Shkodres-i-ftuar-i-B.I.Sh_.-Ebu-Hanife-ne-Grenchen-te-Zvicres-17-326x245.jpeg","width":326,"height":245,"filesize":23380,"mime_type":"image\/jpeg","source_url":"https:\/\/myftinia-shkoder.org\/wp-content\/uploads\/2025\/12\/Myftiu-i-Shkodres-i-ftuar-i-B.I.Sh_.-Ebu-Hanife-ne-Grenchen-te-Zvicres-17-326x245.jpeg"},"mh-magazine-small":{"file":"Myftiu-i-Shkodres-i-ftuar-i-B.I.Sh_.-Ebu-Hanife-ne-Grenchen-te-Zvicres-17-80x60.jpeg","width":80,"height":60,"filesize":2543,"mime_type":"image\/jpeg","source_url":"https:\/\/myftinia-shkoder.org\/wp-content\/uploads\/2025\/12\/Myftiu-i-Shkodres-i-ftuar-i-B.I.Sh_.-Ebu-Hanife-ne-Grenchen-te-Zvicres-17-80x60.jpeg"},"full":{"file":"Myftiu-i-Shkodres-i-ftuar-i-B.I.Sh_.-Ebu-Hanife-ne-Grenchen-te-Zvicres-17.jpeg","width":934,"height":2000,"mime_type":"image\/jpeg","source_url":"https:\/\/myftinia-shkoder.org\/wp-content\/uploads\/2025\/12\/Myftiu-i-Shkodres-i-ftuar-i-B.I.Sh_.-Ebu-Hanife-ne-Grenchen-te-Zvicres-17.jpeg"}},"image_meta":{"aperture":"0","credit":"","camera":"","caption":"Myftiu i Shkodr\u00ebs, i ftuar i B.I.Sh. Ebu Hanife, n\u00eb Grenchen t\u00eb Zvicr\u00ebs","created_timestamp":"0","copyright":"","focal_length":"0","iso":"0","shutter_speed":"0","title":"Myftiu i Shkodr\u00ebs, i ftuar i B.I.Sh. Ebu Hanife, n\u00eb Grenchen t\u00eb Zvicr\u00ebs","orientation":"0","keywords":[]}},"post":19756,"source_url":"https:\/\/myftinia-shkoder.org\/wp-content\/uploads\/2025\/12\/Myftiu-i-Shkodres-i-ftuar-i-B.I.Sh_.-Ebu-Hanife-ne-Grenchen-te-Zvicres-17.jpeg","_links":{"self":[{"href":"https:\/\/myftinia-shkoder.org\/index.php?rest_route=\/wp\/v2\/media\/19773","targetHints":{"allow":["GET"]}}],"collection":[{"href":"https:\/\/myftinia-shkoder.org\/index.php?rest_route=\/wp\/v2\/media"}],"about":[{"href":"https:\/\/myftinia-shkoder.org\/index.php?rest_route=\/wp\/v2\/types\/attachment"}],"author":[{"embeddable":true,"href":"https:\/\/myftinia-shkoder.org\/index.php?rest_route=\/wp\/v2\/users\/1"}],"replies":[{"embeddable":true,"href":"https:\/\/myftinia-shkoder.org\/index.php?rest_route=%2Fwp%2Fv2%2Fcomments&post=19773"}],"wp:term":[{"taxonomy":"attachment_category","embeddable":true,"href":"https:\/\/myftinia-shkoder.org\/index.php?rest_route=%2Fwp%2Fv2%2Fattachment_category&post=19773"},{"taxonomy":"attachment_tag","embeddable":true,"href":"https:\/\/myftinia-shkoder.org\/index.php?rest_route=%2Fwp%2Fv2%2Fattachment_tag&post=19773"}],"wp:attached-to":[{"embeddable":true,"post_type":"post","id":19756,"href":"https:\/\/myftinia-shkoder.org\/index.php?rest_route=\/wp\/v2\/posts\/19756"}],"curies":[{"name":"wp","href":"https:\/\/api.w.org\/{rel}","templated":true}]}}

Myftiu i Shkodrës, i ftuar i B.I.Sh. Ebu Hanife, në Grenchen të Zvicrës

<div class="mh-excerpt"><p>Myftiu i Shkodrës, i ftuar i B.I.Sh. Ebu Hanife, në Grenchen të Zvicrës <a class="mh-excerpt-more" href="https://myftinia-shkoder.org/?attachment_id=19773" title="Myftiu i Shkodrës, i ftuar i B.I.Sh. Ebu Hanife, në Grenchen të Zvicrës">[&#8230;]</a></p>
</div>
