{"id":20112,"date":"2026-01-13T09:18:06","date_gmt":"2026-01-13T09:18:06","guid":{"rendered":"https:\/\/myftinia-shkoder.org\/wp-content\/uploads\/2026\/01\/Myftiu-i-Shkodres-vizitoi-Bashkesine-Islame-Shqiptare-ne-Danimarke-23.jpeg"},"modified":"2026-01-13T09:18:06","modified_gmt":"2026-01-13T09:18:06","slug":"myftiu-i-shkodres-vizitoi-bashkesine-islame-shqiptare-ne-danimarke-23","status":"inherit","type":"attachment","link":"https:\/\/myftinia-shkoder.org\/?attachment_id=20112","title":{"rendered":"Myftiu i Shkodr\u00ebs vizitoi Bashk\u00ebsin\u00eb Islame Shqiptare n\u00eb Danimark\u00eb"},"author":1,"featured_media":0,"comment_status":"","ping_status":"closed","template":"","meta":[],"attachment_category":[],"attachment_tag":[],"class_list":["post-20112","attachment","type-attachment","status-inherit","hentry"],"description":{"rendered":"<p class=\"attachment\"><a href='https:\/\/myftinia-shkoder.org\/wp-content\/uploads\/2026\/01\/Myftiu-i-Shkodres-vizitoi-Bashkesine-Islame-Shqiptare-ne-Danimarke-23.jpeg'><img loading=\"lazy\" decoding=\"async\" width=\"300\" height=\"177\" src=\"https:\/\/myftinia-shkoder.org\/wp-content\/uploads\/2026\/01\/Myftiu-i-Shkodres-vizitoi-Bashkesine-Islame-Shqiptare-ne-Danimarke-23-300x177.jpeg\" class=\"attachment-medium size-medium\" alt=\"\" srcset=\"https:\/\/myftinia-shkoder.org\/wp-content\/uploads\/2026\/01\/Myftiu-i-Shkodres-vizitoi-Bashkesine-Islame-Shqiptare-ne-Danimarke-23-300x177.jpeg 300w, https:\/\/myftinia-shkoder.org\/wp-content\/uploads\/2026\/01\/Myftiu-i-Shkodres-vizitoi-Bashkesine-Islame-Shqiptare-ne-Danimarke-23-1024x603.jpeg 1024w, https:\/\/myftinia-shkoder.org\/wp-content\/uploads\/2026\/01\/Myftiu-i-Shkodres-vizitoi-Bashkesine-Islame-Shqiptare-ne-Danimarke-23-768x453.jpeg 768w, https:\/\/myftinia-shkoder.org\/wp-content\/uploads\/2026\/01\/Myftiu-i-Shkodres-vizitoi-Bashkesine-Islame-Shqiptare-ne-Danimarke-23.jpeg 1120w\" sizes=\"auto, (max-width: 300px) 100vw, 300px\" \/><\/a><\/p>\n"},"caption":{"rendered":"<div class=\"mh-excerpt\"><p>Myftiu i Shkodr\u00ebs vizitoi Bashk\u00ebsin\u00eb Islame Shqiptare n\u00eb Danimark\u00eb <a class=\"mh-excerpt-more\" href=\"https:\/\/myftinia-shkoder.org\/?attachment_id=20112\" title=\"Myftiu i Shkodr\u00ebs vizitoi Bashk\u00ebsin\u00eb Islame Shqiptare n\u00eb Danimark\u00eb\">[&#8230;]<\/a><\/p>\n<\/div>"},"alt_text":"","media_type":"image","mime_type":"image\/jpeg","media_details":{"width":1120,"height":660,"file":"2026\/01\/Myftiu-i-Shkodres-vizitoi-Bashkesine-Islame-Shqiptare-ne-Danimarke-23.jpeg","filesize":355000,"sizes":{"medium":{"file":"Myftiu-i-Shkodres-vizitoi-Bashkesine-Islame-Shqiptare-ne-Danimarke-23-300x177.jpeg","width":300,"height":177,"filesize":15029,"mime_type":"image\/jpeg","source_url":"https:\/\/myftinia-shkoder.org\/wp-content\/uploads\/2026\/01\/Myftiu-i-Shkodres-vizitoi-Bashkesine-Islame-Shqiptare-ne-Danimarke-23-300x177.jpeg"},"large":{"file":"Myftiu-i-Shkodres-vizitoi-Bashkesine-Islame-Shqiptare-ne-Danimarke-23-1024x603.jpeg","width":1024,"height":603,"filesize":95164,"mime_type":"image\/jpeg","source_url":"https:\/\/myftinia-shkoder.org\/wp-content\/uploads\/2026\/01\/Myftiu-i-Shkodres-vizitoi-Bashkesine-Islame-Shqiptare-ne-Danimarke-23-1024x603.jpeg"},"thumbnail":{"file":"Myftiu-i-Shkodres-vizitoi-Bashkesine-Islame-Shqiptare-ne-Danimarke-23-150x150.jpeg","width":150,"height":150,"filesize":7253,"mime_type":"image\/jpeg","source_url":"https:\/\/myftinia-shkoder.org\/wp-content\/uploads\/2026\/01\/Myftiu-i-Shkodres-vizitoi-Bashkesine-Islame-Shqiptare-ne-Danimarke-23-150x150.jpeg"},"medium_large":{"file":"Myftiu-i-Shkodres-vizitoi-Bashkesine-Islame-Shqiptare-ne-Danimarke-23-768x453.jpeg","width":768,"height":453,"filesize":62879,"mime_type":"image\/jpeg","source_url":"https:\/\/myftinia-shkoder.org\/wp-content\/uploads\/2026\/01\/Myftiu-i-Shkodres-vizitoi-Bashkesine-Islame-Shqiptare-ne-Danimarke-23-768x453.jpeg"},"mh-magazine-slider":{"file":"Myftiu-i-Shkodres-vizitoi-Bashkesine-Islame-Shqiptare-ne-Danimarke-23-1030x438.jpeg","width":1030,"height":438,"filesize":80452,"mime_type":"image\/jpeg","source_url":"https:\/\/myftinia-shkoder.org\/wp-content\/uploads\/2026\/01\/Myftiu-i-Shkodres-vizitoi-Bashkesine-Islame-Shqiptare-ne-Danimarke-23-1030x438.jpeg"},"mh-magazine-content":{"file":"Myftiu-i-Shkodres-vizitoi-Bashkesine-Islame-Shqiptare-ne-Danimarke-23-678x381.jpeg","width":678,"height":381,"filesize":50744,"mime_type":"image\/jpeg","source_url":"https:\/\/myftinia-shkoder.org\/wp-content\/uploads\/2026\/01\/Myftiu-i-Shkodres-vizitoi-Bashkesine-Islame-Shqiptare-ne-Danimarke-23-678x381.jpeg"},"mh-magazine-large":{"file":"Myftiu-i-Shkodres-vizitoi-Bashkesine-Islame-Shqiptare-ne-Danimarke-23-678x509.jpeg","width":678,"height":509,"filesize":61406,"mime_type":"image\/jpeg","source_url":"https:\/\/myftinia-shkoder.org\/wp-content\/uploads\/2026\/01\/Myftiu-i-Shkodres-vizitoi-Bashkesine-Islame-Shqiptare-ne-Danimarke-23-678x509.jpeg"},"mh-magazine-medium":{"file":"Myftiu-i-Shkodres-vizitoi-Bashkesine-Islame-Shqiptare-ne-Danimarke-23-326x245.jpeg","width":326,"height":245,"filesize":20196,"mime_type":"image\/jpeg","source_url":"https:\/\/myftinia-shkoder.org\/wp-content\/uploads\/2026\/01\/Myftiu-i-Shkodres-vizitoi-Bashkesine-Islame-Shqiptare-ne-Danimarke-23-326x245.jpeg"},"mh-magazine-small":{"file":"Myftiu-i-Shkodres-vizitoi-Bashkesine-Islame-Shqiptare-ne-Danimarke-23-80x60.jpeg","width":80,"height":60,"filesize":2581,"mime_type":"image\/jpeg","source_url":"https:\/\/myftinia-shkoder.org\/wp-content\/uploads\/2026\/01\/Myftiu-i-Shkodres-vizitoi-Bashkesine-Islame-Shqiptare-ne-Danimarke-23-80x60.jpeg"},"full":{"file":"Myftiu-i-Shkodres-vizitoi-Bashkesine-Islame-Shqiptare-ne-Danimarke-23.jpeg","width":1120,"height":660,"mime_type":"image\/jpeg","source_url":"https:\/\/myftinia-shkoder.org\/wp-content\/uploads\/2026\/01\/Myftiu-i-Shkodres-vizitoi-Bashkesine-Islame-Shqiptare-ne-Danimarke-23.jpeg"}},"image_meta":{"aperture":"0","credit":"","camera":"","caption":"Myftiu i Shkodr\u00ebs vizitoi Bashk\u00ebsin\u00eb Islame Shqiptare n\u00eb Danimark\u00eb","created_timestamp":"0","copyright":"","focal_length":"0","iso":"0","shutter_speed":"0","title":"Myftiu i Shkodr\u00ebs vizitoi Bashk\u00ebsin\u00eb Islame Shqiptare n\u00eb Danimark\u00eb","orientation":"1","keywords":[]}},"post":20089,"source_url":"https:\/\/myftinia-shkoder.org\/wp-content\/uploads\/2026\/01\/Myftiu-i-Shkodres-vizitoi-Bashkesine-Islame-Shqiptare-ne-Danimarke-23.jpeg","_links":{"self":[{"href":"https:\/\/myftinia-shkoder.org\/index.php?rest_route=\/wp\/v2\/media\/20112","targetHints":{"allow":["GET"]}}],"collection":[{"href":"https:\/\/myftinia-shkoder.org\/index.php?rest_route=\/wp\/v2\/media"}],"about":[{"href":"https:\/\/myftinia-shkoder.org\/index.php?rest_route=\/wp\/v2\/types\/attachment"}],"author":[{"embeddable":true,"href":"https:\/\/myftinia-shkoder.org\/index.php?rest_route=\/wp\/v2\/users\/1"}],"replies":[{"embeddable":true,"href":"https:\/\/myftinia-shkoder.org\/index.php?rest_route=%2Fwp%2Fv2%2Fcomments&post=20112"}],"wp:term":[{"taxonomy":"attachment_category","embeddable":true,"href":"https:\/\/myftinia-shkoder.org\/index.php?rest_route=%2Fwp%2Fv2%2Fattachment_category&post=20112"},{"taxonomy":"attachment_tag","embeddable":true,"href":"https:\/\/myftinia-shkoder.org\/index.php?rest_route=%2Fwp%2Fv2%2Fattachment_tag&post=20112"}],"wp:attached-to":[{"embeddable":true,"post_type":"post","id":20089,"href":"https:\/\/myftinia-shkoder.org\/index.php?rest_route=\/wp\/v2\/posts\/20089"}],"curies":[{"name":"wp","href":"https:\/\/api.w.org\/{rel}","templated":true}]}}

Myftiu i Shkodrës vizitoi Bashkësinë Islame Shqiptare në Danimarkë

<div class="mh-excerpt"><p>Myftiu i Shkodrës vizitoi Bashkësinë Islame Shqiptare në Danimarkë <a class="mh-excerpt-more" href="https://myftinia-shkoder.org/?attachment_id=20112" title="Myftiu i Shkodrës vizitoi Bashkësinë Islame Shqiptare në Danimarkë">[&#8230;]</a></p>
</div>
