{"id":20222,"date":"2026-01-19T15:00:17","date_gmt":"2026-01-19T15:00:17","guid":{"rendered":"https:\/\/myftinia-shkoder.org\/wp-content\/uploads\/2026\/01\/Myfti-i-Shkodres-ligjeroi-ne-aktivitetin-e-Bashkesise-Islame-ne-Ulqin-ne-prag-te-Ramazanit-5.jpeg"},"modified":"2026-01-19T15:00:17","modified_gmt":"2026-01-19T15:00:17","slug":"myfti-i-shkodres-ligjeroi-ne-aktivitetin-e-bashkesise-islame-ne-ulqin-ne-prag-te-ramazanit-5","status":"inherit","type":"attachment","link":"https:\/\/myftinia-shkoder.org\/?attachment_id=20222","title":{"rendered":"Myfti i Shkodr\u00ebs ligj\u00ebroi n\u00eb aktivitetin e Bashk\u00ebsis\u00eb Islame n\u00eb Ulqin, n\u00eb prag t\u00eb Ramazanit (5)"},"author":1,"featured_media":0,"comment_status":"","ping_status":"closed","template":"","meta":[],"attachment_category":[],"attachment_tag":[],"class_list":["post-20222","attachment","type-attachment","status-inherit","hentry"],"description":{"rendered":"<p class=\"attachment\"><a href='https:\/\/myftinia-shkoder.org\/wp-content\/uploads\/2026\/01\/Myfti-i-Shkodres-ligjeroi-ne-aktivitetin-e-Bashkesise-Islame-ne-Ulqin-ne-prag-te-Ramazanit-5.jpeg'><img loading=\"lazy\" decoding=\"async\" width=\"300\" height=\"169\" src=\"https:\/\/myftinia-shkoder.org\/wp-content\/uploads\/2026\/01\/Myfti-i-Shkodres-ligjeroi-ne-aktivitetin-e-Bashkesise-Islame-ne-Ulqin-ne-prag-te-Ramazanit-5-300x169.jpeg\" class=\"attachment-medium size-medium\" alt=\"\" srcset=\"https:\/\/myftinia-shkoder.org\/wp-content\/uploads\/2026\/01\/Myfti-i-Shkodres-ligjeroi-ne-aktivitetin-e-Bashkesise-Islame-ne-Ulqin-ne-prag-te-Ramazanit-5-300x169.jpeg 300w, https:\/\/myftinia-shkoder.org\/wp-content\/uploads\/2026\/01\/Myfti-i-Shkodres-ligjeroi-ne-aktivitetin-e-Bashkesise-Islame-ne-Ulqin-ne-prag-te-Ramazanit-5-1024x576.jpeg 1024w, https:\/\/myftinia-shkoder.org\/wp-content\/uploads\/2026\/01\/Myfti-i-Shkodres-ligjeroi-ne-aktivitetin-e-Bashkesise-Islame-ne-Ulqin-ne-prag-te-Ramazanit-5-768x432.jpeg 768w, https:\/\/myftinia-shkoder.org\/wp-content\/uploads\/2026\/01\/Myfti-i-Shkodres-ligjeroi-ne-aktivitetin-e-Bashkesise-Islame-ne-Ulqin-ne-prag-te-Ramazanit-5-1536x864.jpeg 1536w, https:\/\/myftinia-shkoder.org\/wp-content\/uploads\/2026\/01\/Myfti-i-Shkodres-ligjeroi-ne-aktivitetin-e-Bashkesise-Islame-ne-Ulqin-ne-prag-te-Ramazanit-5-678x381.jpeg 678w, https:\/\/myftinia-shkoder.org\/wp-content\/uploads\/2026\/01\/Myfti-i-Shkodres-ligjeroi-ne-aktivitetin-e-Bashkesise-Islame-ne-Ulqin-ne-prag-te-Ramazanit-5.jpeg 1600w\" sizes=\"auto, (max-width: 300px) 100vw, 300px\" \/><\/a><\/p>\n"},"caption":{"rendered":"<div class=\"mh-excerpt\"><p>Myfti i Shkodr\u00ebs ligj\u00ebroi n\u00eb aktivitetin e Bashk\u00ebsis\u00eb Islame n\u00eb Ulqin, n\u00eb prag t\u00eb Ramazanit <a class=\"mh-excerpt-more\" href=\"https:\/\/myftinia-shkoder.org\/?attachment_id=20222\" title=\"Myfti i Shkodr\u00ebs ligj\u00ebroi n\u00eb aktivitetin e Bashk\u00ebsis\u00eb Islame n\u00eb Ulqin, n\u00eb prag t\u00eb Ramazanit (5)\">[&#8230;]<\/a><\/p>\n<\/div>"},"alt_text":"","media_type":"image","mime_type":"image\/jpeg","media_details":{"width":1600,"height":900,"file":"2026\/01\/Myfti-i-Shkodres-ligjeroi-ne-aktivitetin-e-Bashkesise-Islame-ne-Ulqin-ne-prag-te-Ramazanit-5.jpeg","filesize":140219,"sizes":{"medium":{"file":"Myfti-i-Shkodres-ligjeroi-ne-aktivitetin-e-Bashkesise-Islame-ne-Ulqin-ne-prag-te-Ramazanit-5-300x169.jpeg","width":300,"height":169,"filesize":12894,"mime_type":"image\/jpeg","source_url":"https:\/\/myftinia-shkoder.org\/wp-content\/uploads\/2026\/01\/Myfti-i-Shkodres-ligjeroi-ne-aktivitetin-e-Bashkesise-Islame-ne-Ulqin-ne-prag-te-Ramazanit-5-300x169.jpeg"},"large":{"file":"Myfti-i-Shkodres-ligjeroi-ne-aktivitetin-e-Bashkesise-Islame-ne-Ulqin-ne-prag-te-Ramazanit-5-1024x576.jpeg","width":1024,"height":576,"filesize":81189,"mime_type":"image\/jpeg","source_url":"https:\/\/myftinia-shkoder.org\/wp-content\/uploads\/2026\/01\/Myfti-i-Shkodres-ligjeroi-ne-aktivitetin-e-Bashkesise-Islame-ne-Ulqin-ne-prag-te-Ramazanit-5-1024x576.jpeg"},"thumbnail":{"file":"Myfti-i-Shkodres-ligjeroi-ne-aktivitetin-e-Bashkesise-Islame-ne-Ulqin-ne-prag-te-Ramazanit-5-150x150.jpeg","width":150,"height":150,"filesize":6393,"mime_type":"image\/jpeg","source_url":"https:\/\/myftinia-shkoder.org\/wp-content\/uploads\/2026\/01\/Myfti-i-Shkodres-ligjeroi-ne-aktivitetin-e-Bashkesise-Islame-ne-Ulqin-ne-prag-te-Ramazanit-5-150x150.jpeg"},"medium_large":{"file":"Myfti-i-Shkodres-ligjeroi-ne-aktivitetin-e-Bashkesise-Islame-ne-Ulqin-ne-prag-te-Ramazanit-5-768x432.jpeg","width":768,"height":432,"filesize":52744,"mime_type":"image\/jpeg","source_url":"https:\/\/myftinia-shkoder.org\/wp-content\/uploads\/2026\/01\/Myfti-i-Shkodres-ligjeroi-ne-aktivitetin-e-Bashkesise-Islame-ne-Ulqin-ne-prag-te-Ramazanit-5-768x432.jpeg"},"1536x1536":{"file":"Myfti-i-Shkodres-ligjeroi-ne-aktivitetin-e-Bashkesise-Islame-ne-Ulqin-ne-prag-te-Ramazanit-5-1536x864.jpeg","width":1536,"height":864,"filesize":145860,"mime_type":"image\/jpeg","source_url":"https:\/\/myftinia-shkoder.org\/wp-content\/uploads\/2026\/01\/Myfti-i-Shkodres-ligjeroi-ne-aktivitetin-e-Bashkesise-Islame-ne-Ulqin-ne-prag-te-Ramazanit-5-1536x864.jpeg"},"mh-magazine-slider":{"file":"Myfti-i-Shkodres-ligjeroi-ne-aktivitetin-e-Bashkesise-Islame-ne-Ulqin-ne-prag-te-Ramazanit-5-1030x438.jpeg","width":1030,"height":438,"filesize":68369,"mime_type":"image\/jpeg","source_url":"https:\/\/myftinia-shkoder.org\/wp-content\/uploads\/2026\/01\/Myfti-i-Shkodres-ligjeroi-ne-aktivitetin-e-Bashkesise-Islame-ne-Ulqin-ne-prag-te-Ramazanit-5-1030x438.jpeg"},"mh-magazine-content":{"file":"Myfti-i-Shkodres-ligjeroi-ne-aktivitetin-e-Bashkesise-Islame-ne-Ulqin-ne-prag-te-Ramazanit-5-678x381.jpeg","width":678,"height":381,"filesize":44107,"mime_type":"image\/jpeg","source_url":"https:\/\/myftinia-shkoder.org\/wp-content\/uploads\/2026\/01\/Myfti-i-Shkodres-ligjeroi-ne-aktivitetin-e-Bashkesise-Islame-ne-Ulqin-ne-prag-te-Ramazanit-5-678x381.jpeg"},"mh-magazine-large":{"file":"Myfti-i-Shkodres-ligjeroi-ne-aktivitetin-e-Bashkesise-Islame-ne-Ulqin-ne-prag-te-Ramazanit-5-678x509.jpeg","width":678,"height":509,"filesize":51190,"mime_type":"image\/jpeg","source_url":"https:\/\/myftinia-shkoder.org\/wp-content\/uploads\/2026\/01\/Myfti-i-Shkodres-ligjeroi-ne-aktivitetin-e-Bashkesise-Islame-ne-Ulqin-ne-prag-te-Ramazanit-5-678x509.jpeg"},"mh-magazine-medium":{"file":"Myfti-i-Shkodres-ligjeroi-ne-aktivitetin-e-Bashkesise-Islame-ne-Ulqin-ne-prag-te-Ramazanit-5-326x245.jpeg","width":326,"height":245,"filesize":17392,"mime_type":"image\/jpeg","source_url":"https:\/\/myftinia-shkoder.org\/wp-content\/uploads\/2026\/01\/Myfti-i-Shkodres-ligjeroi-ne-aktivitetin-e-Bashkesise-Islame-ne-Ulqin-ne-prag-te-Ramazanit-5-326x245.jpeg"},"mh-magazine-small":{"file":"Myfti-i-Shkodres-ligjeroi-ne-aktivitetin-e-Bashkesise-Islame-ne-Ulqin-ne-prag-te-Ramazanit-5-80x60.jpeg","width":80,"height":60,"filesize":2503,"mime_type":"image\/jpeg","source_url":"https:\/\/myftinia-shkoder.org\/wp-content\/uploads\/2026\/01\/Myfti-i-Shkodres-ligjeroi-ne-aktivitetin-e-Bashkesise-Islame-ne-Ulqin-ne-prag-te-Ramazanit-5-80x60.jpeg"},"full":{"file":"Myfti-i-Shkodres-ligjeroi-ne-aktivitetin-e-Bashkesise-Islame-ne-Ulqin-ne-prag-te-Ramazanit-5.jpeg","width":1600,"height":900,"mime_type":"image\/jpeg","source_url":"https:\/\/myftinia-shkoder.org\/wp-content\/uploads\/2026\/01\/Myfti-i-Shkodres-ligjeroi-ne-aktivitetin-e-Bashkesise-Islame-ne-Ulqin-ne-prag-te-Ramazanit-5.jpeg"}},"image_meta":{"aperture":"0","credit":"","camera":"","caption":"Myfti i Shkodr\u00ebs ligj\u00ebroi n\u00eb aktivitetin e Bashk\u00ebsis\u00eb Islame n\u00eb Ulqin, n\u00eb prag t\u00eb Ramazanit","created_timestamp":"0","copyright":"","focal_length":"0","iso":"0","shutter_speed":"0","title":"","orientation":"0","keywords":[]}},"post":20217,"source_url":"https:\/\/myftinia-shkoder.org\/wp-content\/uploads\/2026\/01\/Myfti-i-Shkodres-ligjeroi-ne-aktivitetin-e-Bashkesise-Islame-ne-Ulqin-ne-prag-te-Ramazanit-5.jpeg","_links":{"self":[{"href":"https:\/\/myftinia-shkoder.org\/index.php?rest_route=\/wp\/v2\/media\/20222","targetHints":{"allow":["GET"]}}],"collection":[{"href":"https:\/\/myftinia-shkoder.org\/index.php?rest_route=\/wp\/v2\/media"}],"about":[{"href":"https:\/\/myftinia-shkoder.org\/index.php?rest_route=\/wp\/v2\/types\/attachment"}],"author":[{"embeddable":true,"href":"https:\/\/myftinia-shkoder.org\/index.php?rest_route=\/wp\/v2\/users\/1"}],"replies":[{"embeddable":true,"href":"https:\/\/myftinia-shkoder.org\/index.php?rest_route=%2Fwp%2Fv2%2Fcomments&post=20222"}],"wp:term":[{"taxonomy":"attachment_category","embeddable":true,"href":"https:\/\/myftinia-shkoder.org\/index.php?rest_route=%2Fwp%2Fv2%2Fattachment_category&post=20222"},{"taxonomy":"attachment_tag","embeddable":true,"href":"https:\/\/myftinia-shkoder.org\/index.php?rest_route=%2Fwp%2Fv2%2Fattachment_tag&post=20222"}],"wp:attached-to":[{"embeddable":true,"post_type":"post","id":20217,"href":"https:\/\/myftinia-shkoder.org\/index.php?rest_route=\/wp\/v2\/posts\/20217"}],"curies":[{"name":"wp","href":"https:\/\/api.w.org\/{rel}","templated":true}]}}

Myfti i Shkodrës ligjëroi në aktivitetin e Bashkësisë Islame në Ulqin, në prag të Ramazanit (5)

<div class="mh-excerpt"><p>Myfti i Shkodrës ligjëroi në aktivitetin e Bashkësisë Islame në Ulqin, në prag të Ramazanit <a class="mh-excerpt-more" href="https://myftinia-shkoder.org/?attachment_id=20222" title="Myfti i Shkodrës ligjëroi në aktivitetin e Bashkësisë Islame në Ulqin, në prag të Ramazanit (5)">[&#8230;]</a></p>
</div>

Myfti i Shkodrës ligjëroi në aktivitetin e Bashkësisë Islame në Ulqin, në prag të Ramazanit
